{"id":104,"date":"2020-04-20T09:25:59","date_gmt":"2020-04-20T07:25:59","guid":{"rendered":"https:\/\/www.markus-steinacher.at\/feldpost\/?page_id=104"},"modified":"2020-04-24T10:06:33","modified_gmt":"2020-04-24T08:06:33","slug":"feldpostbrief-17-11-1940-bad-reichenhall","status":"publish","type":"page","link":"https:\/\/www.markus-steinacher.at\/feldpost\/feldpostbriefe\/feldpostbrief-17-11-1940-bad-reichenhall\/","title":{"rendered":"Feldpostbrief vom 17.11.1940 &#8211; Bad Reichenhall"},"content":{"rendered":"\t\t<div data-elementor-type=\"wp-page\" data-elementor-id=\"104\" class=\"elementor elementor-104\">\n\t\t\t\t\t\t<section class=\"elementor-section elementor-top-section elementor-element elementor-element-098d48c elementor-section-boxed elementor-section-height-default elementor-section-height-default\" data-id=\"098d48c\" data-element_type=\"section\" data-e-type=\"section\">\n\t\t\t\t\t\t<div class=\"elementor-container elementor-column-gap-default\">\n\t\t\t\t\t<div class=\"elementor-column elementor-col-100 elementor-top-column elementor-element elementor-element-99d4155\" data-id=\"99d4155\" data-element_type=\"column\" data-e-type=\"column\">\n\t\t\t<div class=\"elementor-widget-wrap elementor-element-populated\">\n\t\t\t\t\t\t<div class=\"elementor-element elementor-element-7036b28 elementor-widget elementor-widget-text-editor\" data-id=\"7036b28\" data-element_type=\"widget\" data-e-type=\"widget\" data-widget_type=\"text-editor.default\">\n\t\t\t\t<div class=\"elementor-widget-container\">\n\t\t\t\t\t\t\t\t\t<p>Liebe Mutter und liebe Lisl!<\/p><p>Ich gr\u00fc\u00dfe euch herzlich und danke Euch f\u00fcr das Paket. Die B\u00e4ckerei hat herrlich gemundet und die Unterhose sowie die Socken sind sch\u00f6n warm. Danke Dir auch, liebe Mutter, f\u00fcr Deinen Brief und das Geld. H\u00e4ttest aber nicht gleich 20 Mark schicken sollen, kannst du es ja auch gut brauchen. Doch werde ich schon sehr sparsam damit sein und nichts beim Fenster hinaus werfen. Bin sehr froh dass du auch Filme bekommen hast. Hier fotografieren viele Soldaten und daher sind alle Fotogesch\u00e4fte \u00fcberrannt. Man muss auch auf die Bilder ziemlich lange warten. Sende Euch auch wieder einige Aufnahmen, die mir mehr oder minder gelungen sind, als Andenken an meine Rekrutenzeit. Sende Euch sp\u00e4ter wieder solche, allerdings schon von drau\u00dfen, denn wir werden ja bald ins Feld abgehen. Eine Feldabstellung erfolgte bereits diese Woche von uns Rekruten und ich bin vorl\u00e4ufig nur durch einen Zufall noch nicht dabei. Ich war mit meinem Furunkel noch im sogenannten Innendienst. Da braucht man nicht ausr\u00fccken, solange man marod ist, hat aber in der Kaserne fest zu schaffen. Entweder in der Waffenkammer, der Kleidungskammer, beim Gsurier (das ist der Mann welcher Brot, Handt\u00fccher und W\u00e4sche ausgibt), meistens hei\u00dft er aber Kartoffelsch\u00e4ler. Also ich war wieder einmal mit einem Abszess krank und in der K\u00fcche besch\u00e4ftigt. War sehr viel Arbeit und wie ich mit Versp\u00e4tung auf unsere Stube komme, war gerade die Einteilung der Feldabgestellten vor\u00fcber. Bleibe also vorl\u00e4ufig noch mit einigen Maroden weiter in der Kaserne, aber kaum lange noch, denn st\u00e4ndig gehen Soldaten an die Front ab und dann kommen immer wieder neue Rekruten. Wir rechne so mit der n\u00e4chsten Woche, m\u00f6glich aber dass es noch l\u00e4nger dauert. Mit einem Urlaub ist es aber auf keinen Fall etwas. Da m\u00fcssen wir schon noch warten. Vorige Woche sind viele Gebirgsj\u00e4ger aus Frankreich zur\u00fcckgekommen und von dieser hiesigen Bev\u00f6lkerung feierlich empfangen worden. Logisch, dass diese zuerst Urlaub kriegen.<\/p><p>Liebe Mutter, stricke mir keine Schneehaube da wir eine solche gefasst haben und eine andere, als vom Milit\u00e4r nicht tragen d\u00fcrfen, vorl\u00e4ufig wenigstens nicht. Aber um Socken w\u00e4re ich Dir schon sehr dankbar, da diese schon sehr strapaziert sind, besonders durch das Waschen mit kalten Wasser und B\u00fcrste diese sehr hergenommen werden. Bitte Dich auch um einige Batterien f\u00fcr eine Stabtaschenlampe und eine oder zwei Kerzen.<\/p><p>Sonst h\u00e4tte ich keine Schmerzen, bis auf meinen Bronchialkatarrh und die ewigen Furunkel. Eines verheilt und ein anderes kommt wieder. Die Krampfadern und das Brustbein beachte ich gar nicht mehr. Nach langen M\u00e4rschen sp\u00fcre ich nur meine Fu\u00dfballerverletzung, die mir noch kurz vorm Einr\u00fccken beim Betriebssport passiert ist. Sieht aus wie ein G\u2019frerballen und wird mir schon bleiben. Die Hauptsache ist jetzt nur, dass nicht noch mehr dazu kommt. Doch darf auch das einen Krieger nicht ersch\u00fcttern. Hoffentlich bist auch du liebe Mutter und auch die Lisl gesund und bleibt es auch. Sende Euch also, bis ich wieder schreibe, viele viele Gr\u00fc\u00dfe und bleibe in Dankbarkeit Euer Toni<\/p><p>P.S.: Viele Gr\u00fc\u00dfe auch an Fredi, falls er \u00fcber Sonntag heimkommen sollte.<\/p>\t\t\t\t\t\t\t\t<\/div>\n\t\t\t\t<\/div>\n\t\t\t\t\t<\/div>\n\t\t<\/div>\n\t\t\t\t\t<\/div>\n\t\t<\/section>\n\t\t\t\t<section class=\"elementor-section elementor-top-section elementor-element elementor-element-a72c80c elementor-section-boxed elementor-section-height-default elementor-section-height-default\" data-id=\"a72c80c\" data-element_type=\"section\" data-e-type=\"section\">\n\t\t\t\t\t\t<div class=\"elementor-container elementor-column-gap-default\">\n\t\t\t\t\t<div class=\"elementor-column elementor-col-100 elementor-top-column elementor-element elementor-element-aa70ce8\" data-id=\"aa70ce8\" data-element_type=\"column\" data-e-type=\"column\">\n\t\t\t<div class=\"elementor-widget-wrap elementor-element-populated\">\n\t\t\t\t\t\t<div class=\"elementor-element elementor-element-62b70c0 elementor-widget elementor-widget-heading\" data-id=\"62b70c0\" data-element_type=\"widget\" data-e-type=\"widget\" data-widget_type=\"heading.default\">\n\t\t\t\t<div class=\"elementor-widget-container\">\n\t\t\t\t\t<h2 class=\"elementor-heading-title elementor-size-default\">Der originale Feldpostbrief<\/h2>\t\t\t\t<\/div>\n\t\t\t\t<\/div>\n\t\t\t\t<section class=\"elementor-section elementor-inner-section elementor-element elementor-element-771f911 elementor-section-boxed elementor-section-height-default elementor-section-height-default\" data-id=\"771f911\" data-element_type=\"section\" data-e-type=\"section\">\n\t\t\t\t\t\t<div class=\"elementor-container elementor-column-gap-default\">\n\t\t\t\t\t<div class=\"elementor-column elementor-col-50 elementor-inner-column elementor-element elementor-element-161ffd5\" data-id=\"161ffd5\" data-element_type=\"column\" data-e-type=\"column\">\n\t\t\t<div class=\"elementor-widget-wrap elementor-element-populated\">\n\t\t\t\t\t\t<div class=\"elementor-element elementor-element-b8a6298 elementor-widget elementor-widget-image\" data-id=\"b8a6298\" data-element_type=\"widget\" data-e-type=\"widget\" data-widget_type=\"image.default\">\n\t\t\t\t<div class=\"elementor-widget-container\">\n\t\t\t\t\t\t\t\t\t\t\t\t<figure class=\"wp-caption\">\n\t\t\t\t\t\t\t\t\t\t\t<a href=\"https:\/\/www.markus-steinacher.at\/feldpost\/wp-content\/uploads\/2020\/04\/Feldpostbrief-Anton-Steinacher-17111940-Bad-Reichenhall.jpg\" data-elementor-open-lightbox=\"yes\" data-elementor-lightbox-title=\"Feldpostbrief Anton Steinacher 17111940 Bad Reichenhall\" data-e-action-hash=\"#elementor-action%3Aaction%3Dlightbox%26settings%3DeyJpZCI6NDA5LCJ1cmwiOiJodHRwczpcL1wvd3d3Lm1hcmt1cy1zdGVpbmFjaGVyLmF0XC9mZWxkcG9zdFwvd3AtY29udGVudFwvdXBsb2Fkc1wvMjAyMFwvMDRcL0ZlbGRwb3N0YnJpZWYtQW50b24tU3RlaW5hY2hlci0xNzExMTk0MC1CYWQtUmVpY2hlbmhhbGwuanBnIn0%3D\">\n\t\t\t\t\t\t\t<img fetchpriority=\"high\" decoding=\"async\" width=\"1200\" height=\"630\" src=\"https:\/\/www.markus-steinacher.at\/feldpost\/wp-content\/uploads\/2020\/04\/Feldpostbrief-Anton-Steinacher-17111940-Bad-Reichenhall.jpg\" class=\"attachment-full size-full wp-image-409\" alt=\"Feldpostbrief Anton Steinacher 17.11.1940 Bad Reichenhall\" srcset=\"https:\/\/www.markus-steinacher.at\/feldpost\/wp-content\/uploads\/2020\/04\/Feldpostbrief-Anton-Steinacher-17111940-Bad-Reichenhall.jpg 1200w, https:\/\/www.markus-steinacher.at\/feldpost\/wp-content\/uploads\/2020\/04\/Feldpostbrief-Anton-Steinacher-17111940-Bad-Reichenhall-300x158.jpg 300w, https:\/\/www.markus-steinacher.at\/feldpost\/wp-content\/uploads\/2020\/04\/Feldpostbrief-Anton-Steinacher-17111940-Bad-Reichenhall-1024x538.jpg 1024w, https:\/\/www.markus-steinacher.at\/feldpost\/wp-content\/uploads\/2020\/04\/Feldpostbrief-Anton-Steinacher-17111940-Bad-Reichenhall-768x403.jpg 768w, https:\/\/www.markus-steinacher.at\/feldpost\/wp-content\/uploads\/2020\/04\/Feldpostbrief-Anton-Steinacher-17111940-Bad-Reichenhall-830x436.jpg 830w, https:\/\/www.markus-steinacher.at\/feldpost\/wp-content\/uploads\/2020\/04\/Feldpostbrief-Anton-Steinacher-17111940-Bad-Reichenhall-230x121.jpg 230w, https:\/\/www.markus-steinacher.at\/feldpost\/wp-content\/uploads\/2020\/04\/Feldpostbrief-Anton-Steinacher-17111940-Bad-Reichenhall-350x184.jpg 350w, https:\/\/www.markus-steinacher.at\/feldpost\/wp-content\/uploads\/2020\/04\/Feldpostbrief-Anton-Steinacher-17111940-Bad-Reichenhall-480x252.jpg 480w\" sizes=\"(max-width: 1200px) 100vw, 1200px\" \/>\t\t\t\t\t\t\t\t<\/a>\n\t\t\t\t\t\t\t\t\t\t\t<figcaption class=\"widget-image-caption wp-caption-text\">Fotografie des originalen Feldpostbriefes von Anton Steinacher vom 17.11.1940<\/figcaption>\n\t\t\t\t\t\t\t\t\t\t<\/figure>\n\t\t\t\t\t\t\t\t\t<\/div>\n\t\t\t\t<\/div>\n\t\t\t\t\t<\/div>\n\t\t<\/div>\n\t\t\t\t<div class=\"elementor-column elementor-col-50 elementor-inner-column elementor-element elementor-element-4d80476\" data-id=\"4d80476\" data-element_type=\"column\" data-e-type=\"column\">\n\t\t\t<div class=\"elementor-widget-wrap elementor-element-populated\">\n\t\t\t\t\t\t<div class=\"elementor-element elementor-element-d84fa91 elementor-widget elementor-widget-image\" data-id=\"d84fa91\" data-element_type=\"widget\" data-e-type=\"widget\" data-widget_type=\"image.default\">\n\t\t\t\t<div class=\"elementor-widget-container\">\n\t\t\t\t\t\t\t\t\t\t\t\t<figure class=\"wp-caption\">\n\t\t\t\t\t\t\t\t\t\t\t<a href=\"https:\/\/www.markus-steinacher.at\/feldpost\/wp-content\/uploads\/2020\/04\/Feldpostbrief-Anton-Steinacher-17111940-Bad-Reichenhall-Absender.jpg\" data-elementor-open-lightbox=\"yes\" data-elementor-lightbox-title=\"Feldpostbrief Anton Steinacher 17111940 Bad Reichenhall Absender\" data-e-action-hash=\"#elementor-action%3Aaction%3Dlightbox%26settings%3DeyJpZCI6NDA4LCJ1cmwiOiJodHRwczpcL1wvd3d3Lm1hcmt1cy1zdGVpbmFjaGVyLmF0XC9mZWxkcG9zdFwvd3AtY29udGVudFwvdXBsb2Fkc1wvMjAyMFwvMDRcL0ZlbGRwb3N0YnJpZWYtQW50b24tU3RlaW5hY2hlci0xNzExMTk0MC1CYWQtUmVpY2hlbmhhbGwtQWJzZW5kZXIuanBnIn0%3D\">\n\t\t\t\t\t\t\t<img decoding=\"async\" width=\"1200\" height=\"630\" src=\"https:\/\/www.markus-steinacher.at\/feldpost\/wp-content\/uploads\/2020\/04\/Feldpostbrief-Anton-Steinacher-17111940-Bad-Reichenhall-Absender.jpg\" class=\"attachment-full size-full wp-image-408\" alt=\"Feldpostbrief Anton Steinacher 17.11.1940 Bad Reichenhall Absender\" srcset=\"https:\/\/www.markus-steinacher.at\/feldpost\/wp-content\/uploads\/2020\/04\/Feldpostbrief-Anton-Steinacher-17111940-Bad-Reichenhall-Absender.jpg 1200w, https:\/\/www.markus-steinacher.at\/feldpost\/wp-content\/uploads\/2020\/04\/Feldpostbrief-Anton-Steinacher-17111940-Bad-Reichenhall-Absender-300x158.jpg 300w, https:\/\/www.markus-steinacher.at\/feldpost\/wp-content\/uploads\/2020\/04\/Feldpostbrief-Anton-Steinacher-17111940-Bad-Reichenhall-Absender-1024x538.jpg 1024w, https:\/\/www.markus-steinacher.at\/feldpost\/wp-content\/uploads\/2020\/04\/Feldpostbrief-Anton-Steinacher-17111940-Bad-Reichenhall-Absender-768x403.jpg 768w, https:\/\/www.markus-steinacher.at\/feldpost\/wp-content\/uploads\/2020\/04\/Feldpostbrief-Anton-Steinacher-17111940-Bad-Reichenhall-Absender-830x436.jpg 830w, https:\/\/www.markus-steinacher.at\/feldpost\/wp-content\/uploads\/2020\/04\/Feldpostbrief-Anton-Steinacher-17111940-Bad-Reichenhall-Absender-230x121.jpg 230w, https:\/\/www.markus-steinacher.at\/feldpost\/wp-content\/uploads\/2020\/04\/Feldpostbrief-Anton-Steinacher-17111940-Bad-Reichenhall-Absender-350x184.jpg 350w, https:\/\/www.markus-steinacher.at\/feldpost\/wp-content\/uploads\/2020\/04\/Feldpostbrief-Anton-Steinacher-17111940-Bad-Reichenhall-Absender-480x252.jpg 480w\" sizes=\"(max-width: 1200px) 100vw, 1200px\" \/>\t\t\t\t\t\t\t\t<\/a>\n\t\t\t\t\t\t\t\t\t\t\t<figcaption class=\"widget-image-caption wp-caption-text\">Absender: J\u00e4ger A. Steinacher, 2. Gebirgsj\u00e4ger Ers. Batl. 100, Bad Reichenhall<\/figcaption>\n\t\t\t\t\t\t\t\t\t\t<\/figure>\n\t\t\t\t\t\t\t\t\t<\/div>\n\t\t\t\t<\/div>\n\t\t\t\t\t<\/div>\n\t\t<\/div>\n\t\t\t\t\t<\/div>\n\t\t<\/section>\n\t\t\t\t<div class=\"elementor-element elementor-element-9bb0536 elementor-widget elementor-widget-text-editor\" data-id=\"9bb0536\" data-element_type=\"widget\" data-e-type=\"widget\" data-widget_type=\"text-editor.default\">\n\t\t\t\t<div class=\"elementor-widget-container\">\n\t\t\t\t\t\t\t\t\t<p style=\"text-align: center;\">Der gesamte Original-Feldpostbrief ist als Datei nur auf <a href=\"mailto:office@markus-steinacher.at\">Anfrage<\/a> und Begr\u00fcndung\u00a0 erh\u00e4ltlich.<\/p>\t\t\t\t\t\t\t\t<\/div>\n\t\t\t\t<\/div>\n\t\t\t\t<div class=\"elementor-element elementor-element-66360d7 elementor-widget-divider--view-line elementor-widget elementor-widget-divider\" data-id=\"66360d7\" data-element_type=\"widget\" data-e-type=\"widget\" data-widget_type=\"divider.default\">\n\t\t\t\t<div class=\"elementor-widget-container\">\n\t\t\t\t\t\t\t<div class=\"elementor-divider\">\n\t\t\t<span class=\"elementor-divider-separator\">\n\t\t\t\t\t\t<\/span>\n\t\t<\/div>\n\t\t\t\t\t\t<\/div>\n\t\t\t\t<\/div>\n\t\t\t\t\t<\/div>\n\t\t<\/div>\n\t\t\t\t\t<\/div>\n\t\t<\/section>\n\t\t\t\t<section class=\"elementor-section elementor-top-section elementor-element elementor-element-810cf5f elementor-section-boxed elementor-section-height-default elementor-section-height-default\" data-id=\"810cf5f\" data-element_type=\"section\" data-e-type=\"section\">\n\t\t\t\t\t\t<div class=\"elementor-container elementor-column-gap-default\">\n\t\t\t\t\t<div class=\"elementor-column elementor-col-100 elementor-top-column elementor-element elementor-element-7a5d1d7\" data-id=\"7a5d1d7\" data-element_type=\"column\" data-e-type=\"column\">\n\t\t\t<div class=\"elementor-widget-wrap elementor-element-populated\">\n\t\t\t\t\t\t<div class=\"elementor-element elementor-element-3904337 elementor-widget elementor-widget-heading\" data-id=\"3904337\" data-element_type=\"widget\" data-e-type=\"widget\" data-widget_type=\"heading.default\">\n\t\t\t\t<div class=\"elementor-widget-container\">\n\t\t\t\t\t<h3 class=\"elementor-heading-title elementor-size-default\">Weitere Infomationen zu diesem Feldpostbrief<\/h3>\t\t\t\t<\/div>\n\t\t\t\t<\/div>\n\t\t\t\t<div class=\"elementor-element elementor-element-04ea98c elementor-widget elementor-widget-text-editor\" data-id=\"04ea98c\" data-element_type=\"widget\" data-e-type=\"widget\" data-widget_type=\"text-editor.default\">\n\t\t\t\t<div class=\"elementor-widget-container\">\n\t\t\t\t\t\t\t\t\t<p>Hier finden Sie Informationen zu den Erz\u00e4hlungen und Angaben von Anton Steinacher, die allesamt recherchiert worden sind. Folgende Informationen beschreiben die Orte, an welchen Anton Steinacher seine Gebirgsj\u00e4ger Grundausbildung durchgef\u00fchrt hatte.<\/p>\t\t\t\t\t\t\t\t<\/div>\n\t\t\t\t<\/div>\n\t\t\t\t<div class=\"elementor-element elementor-element-fd63061 elementor-widget elementor-widget-html\" data-id=\"fd63061\" data-element_type=\"widget\" data-e-type=\"widget\" data-widget_type=\"html.default\">\n\t\t\t\t<div class=\"elementor-widget-container\">\n\t\t\t\t\t<iframe src=\"https:\/\/www.google.com\/maps\/d\/u\/2\/embed?mid=12LUCsdl47PTQso1s8dOLzyOzSnCSBQtP\" width=\"100%\" height=\"500\"><\/iframe>\t\t\t\t<\/div>\n\t\t\t\t<\/div>\n\t\t\t\t<div class=\"elementor-element elementor-element-f713d33 elementor-widget-divider--view-line elementor-widget elementor-widget-divider\" data-id=\"f713d33\" data-element_type=\"widget\" data-e-type=\"widget\" data-widget_type=\"divider.default\">\n\t\t\t\t<div class=\"elementor-widget-container\">\n\t\t\t\t\t\t\t<div class=\"elementor-divider\">\n\t\t\t<span class=\"elementor-divider-separator\">\n\t\t\t\t\t\t<\/span>\n\t\t<\/div>\n\t\t\t\t\t\t<\/div>\n\t\t\t\t<\/div>\n\t\t\t\t<section class=\"elementor-section elementor-inner-section elementor-element elementor-element-39cf83f elementor-section-boxed elementor-section-height-default elementor-section-height-default\" data-id=\"39cf83f\" data-element_type=\"section\" data-e-type=\"section\">\n\t\t\t\t\t\t<div class=\"elementor-container elementor-column-gap-default\">\n\t\t\t\t\t<div class=\"elementor-column elementor-col-50 elementor-inner-column elementor-element elementor-element-2f7b843\" data-id=\"2f7b843\" data-element_type=\"column\" data-e-type=\"column\">\n\t\t\t<div class=\"elementor-widget-wrap elementor-element-populated\">\n\t\t\t\t\t\t<div class=\"elementor-element elementor-element-f53ae77 elementor-widget elementor-widget-heading\" data-id=\"f53ae77\" data-element_type=\"widget\" data-e-type=\"widget\" data-widget_type=\"heading.default\">\n\t\t\t\t<div class=\"elementor-widget-container\">\n\t\t\t\t\t<h4 class=\"elementor-heading-title elementor-size-default\">Hochstaufen-Kaserne in Bad Reichenhall<\/h4>\t\t\t\t<\/div>\n\t\t\t\t<\/div>\n\t\t\t\t<div class=\"elementor-element elementor-element-8da466b elementor-widget elementor-widget-text-editor\" data-id=\"8da466b\" data-element_type=\"widget\" data-e-type=\"widget\" data-widget_type=\"text-editor.default\">\n\t\t\t\t<div class=\"elementor-widget-container\">\n\t\t\t\t\t\t\t\t\t<p>Anton Steinacher absolvierte seine Gebirgsj\u00e4ger Grundausbildung im Jahr 1940 in der <a href=\"https:\/\/de.wikipedia.org\/wiki\/Hochstaufen-Kaserne\"  target='_blank' rel='noopener noreferrer' rel=\"noopener\">Hochstaufen-Kaserne in Bad Reichenhall<\/a>. Der Truppen\u00fcbungsplatz liegt im Kirchholz und ist etwa 3 Kilometer von der Kaserne entfernt. Die Schie\u00dfanlage befindet sich im <i>Nesselgraben<\/i> (Ortsteil Thumsee).<\/p>\t\t\t\t\t\t\t\t<\/div>\n\t\t\t\t<\/div>\n\t\t\t\t\t<\/div>\n\t\t<\/div>\n\t\t\t\t<div class=\"elementor-column elementor-col-50 elementor-inner-column elementor-element elementor-element-5b30cd6\" data-id=\"5b30cd6\" data-element_type=\"column\" data-e-type=\"column\">\n\t\t\t<div class=\"elementor-widget-wrap elementor-element-populated\">\n\t\t\t\t\t\t<div class=\"elementor-element elementor-element-323e4ee elementor-widget elementor-widget-image\" data-id=\"323e4ee\" data-element_type=\"widget\" data-e-type=\"widget\" data-widget_type=\"image.default\">\n\t\t\t\t<div class=\"elementor-widget-container\">\n\t\t\t\t\t\t\t\t\t\t\t\t<figure class=\"wp-caption\">\n\t\t\t\t\t\t\t\t\t\t\t<a href=\"https:\/\/commons.wikimedia.org\/w\/index.php?curid=80633431\"  target='_blank' rel='noopener noreferrer' rel=\"nofollow\">\n\t\t\t\t\t\t\t<img decoding=\"async\" width=\"1080\" height=\"720\" src=\"https:\/\/www.markus-steinacher.at\/feldpost\/wp-content\/uploads\/2020\/04\/Hochstaufen-Kaserne.jpg\" class=\"attachment-full size-full wp-image-322\" alt=\"Hochstaufen Kaserne Bad Reichenhall\" srcset=\"https:\/\/www.markus-steinacher.at\/feldpost\/wp-content\/uploads\/2020\/04\/Hochstaufen-Kaserne.jpg 1080w, https:\/\/www.markus-steinacher.at\/feldpost\/wp-content\/uploads\/2020\/04\/Hochstaufen-Kaserne-300x200.jpg 300w, https:\/\/www.markus-steinacher.at\/feldpost\/wp-content\/uploads\/2020\/04\/Hochstaufen-Kaserne-1024x683.jpg 1024w, https:\/\/www.markus-steinacher.at\/feldpost\/wp-content\/uploads\/2020\/04\/Hochstaufen-Kaserne-768x512.jpg 768w, https:\/\/www.markus-steinacher.at\/feldpost\/wp-content\/uploads\/2020\/04\/Hochstaufen-Kaserne-830x553.jpg 830w, https:\/\/www.markus-steinacher.at\/feldpost\/wp-content\/uploads\/2020\/04\/Hochstaufen-Kaserne-230x153.jpg 230w, https:\/\/www.markus-steinacher.at\/feldpost\/wp-content\/uploads\/2020\/04\/Hochstaufen-Kaserne-350x233.jpg 350w, https:\/\/www.markus-steinacher.at\/feldpost\/wp-content\/uploads\/2020\/04\/Hochstaufen-Kaserne-480x320.jpg 480w\" sizes=\"(max-width: 1080px) 100vw, 1080px\" \/>\t\t\t\t\t\t\t\t<\/a>\n\t\t\t\t\t\t\t\t\t\t\t<figcaption class=\"widget-image-caption wp-caption-text\">Von Manniman2 - Eigenes Werk, CC BY-SA 4.0<\/figcaption>\n\t\t\t\t\t\t\t\t\t\t<\/figure>\n\t\t\t\t\t\t\t\t\t<\/div>\n\t\t\t\t<\/div>\n\t\t\t\t\t<\/div>\n\t\t<\/div>\n\t\t\t\t\t<\/div>\n\t\t<\/section>\n\t\t\t\t\t<\/div>\n\t\t<\/div>\n\t\t\t\t\t<\/div>\n\t\t<\/section>\n\t\t\t\t<\/div>\n\t\t","protected":false},"excerpt":{"rendered":"<p>Liebe Mutter und liebe Lisl! Ich gr\u00fc\u00dfe euch herzlich und danke Euch f\u00fcr das Paket. Die B\u00e4ckerei hat herrlich gemundet und die [&hellip;]<\/p>\n","protected":false},"author":1,"featured_media":0,"parent":75,"menu_order":0,"comment_status":"closed","ping_status":"closed","template":"","meta":{"_acf_changed":false,"footnotes":""},"class_list":["post-104","page","type-page","status-publish","hentry"],"aioseo_notices":[],"acf":[],"_links":{"self":[{"href":"https:\/\/www.markus-steinacher.at\/feldpost\/wp-json\/wp\/v2\/pages\/104","targetHints":{"allow":["GET"]}}],"collection":[{"href":"https:\/\/www.markus-steinacher.at\/feldpost\/wp-json\/wp\/v2\/pages"}],"about":[{"href":"https:\/\/www.markus-steinacher.at\/feldpost\/wp-json\/wp\/v2\/types\/page"}],"author":[{"embeddable":true,"href":"https:\/\/www.markus-steinacher.at\/feldpost\/wp-json\/wp\/v2\/users\/1"}],"replies":[{"embeddable":true,"href":"https:\/\/www.markus-steinacher.at\/feldpost\/wp-json\/wp\/v2\/comments?post=104"}],"version-history":[{"count":0,"href":"https:\/\/www.markus-steinacher.at\/feldpost\/wp-json\/wp\/v2\/pages\/104\/revisions"}],"up":[{"embeddable":true,"href":"https:\/\/www.markus-steinacher.at\/feldpost\/wp-json\/wp\/v2\/pages\/75"}],"wp:attachment":[{"href":"https:\/\/www.markus-steinacher.at\/feldpost\/wp-json\/wp\/v2\/media?parent=104"}],"curies":[{"name":"wp","href":"https:\/\/api.w.org\/{rel}","templated":true}]}}