{"id":139,"date":"2020-04-21T08:10:03","date_gmt":"2020-04-21T06:10:03","guid":{"rendered":"https:\/\/www.markus-steinacher.at\/feldpost\/?page_id=139"},"modified":"2020-05-06T23:10:50","modified_gmt":"2020-05-06T21:10:50","slug":"feldpostbrief-21-2-1941-ort-unbekannt","status":"publish","type":"page","link":"https:\/\/www.markus-steinacher.at\/feldpost\/feldpostbriefe\/feldpostbrief-21-2-1941-ort-unbekannt\/","title":{"rendered":"Feldpostbrief vom 21.2.1941 &#8211; Ort unbekannt (verm. Bad Aibling)"},"content":{"rendered":"\t\t<div data-elementor-type=\"wp-page\" data-elementor-id=\"139\" class=\"elementor elementor-139\">\n\t\t\t\t\t\t<section class=\"elementor-section elementor-top-section elementor-element elementor-element-b61d650 elementor-section-boxed elementor-section-height-default elementor-section-height-default\" data-id=\"b61d650\" data-element_type=\"section\" data-e-type=\"section\">\n\t\t\t\t\t\t<div class=\"elementor-container elementor-column-gap-default\">\n\t\t\t\t\t<div class=\"elementor-column elementor-col-100 elementor-top-column elementor-element elementor-element-795bffe\" data-id=\"795bffe\" data-element_type=\"column\" data-e-type=\"column\">\n\t\t\t<div class=\"elementor-widget-wrap elementor-element-populated\">\n\t\t\t\t\t\t<div class=\"elementor-element elementor-element-0cdfa19 elementor-widget elementor-widget-text-editor\" data-id=\"0cdfa19\" data-element_type=\"widget\" data-e-type=\"widget\" data-widget_type=\"text-editor.default\">\n\t\t\t\t<div class=\"elementor-widget-container\">\n\t\t\t\t\t\t\t\t\t<p>Liebe Mutter und liebe Lisl!<\/p><p>Ich habe das Paket und den Brief bekommen und kann Euch gleich zur\u00fcck schreiben. Wir hatten n\u00e4mlich heute Besichtigung unserer Kompanie durch den Regiments- und Bataillonskommandanten. Wir mussten alle Gefechts\u00fcbungen vorf\u00fchren und da alles gut geklappt hat, haben wir heute Nachmittag frei. Ich habe auch die fr\u00fcheren Briefe und eine Karte von Euch erhalten, hatte aber beim besten Willen nicht die Zeit zum Schreiben. D\u00fcrft mir also deswegen nicht b\u00f6se sein aber wir sind beim hiesigen Bataillon ja eigentlich wieder Rekruten. Es sind ja mehr wie die H\u00e4lfte davon schon alle drau\u00dfen im Feld gewesen, in Polen und in Frankreich. Die ganzen Wochen seit dem wir hier sind, waren nur im Zeichen der Vorbereitungen f\u00fcr die Besichtigung und war so richtig harte Arbeit zu leisten. Waren wir doch st\u00e4ndig von fr\u00fch bis sp\u00e4t und all dem schlechten Wetter drau\u00dfen im Gel\u00e4nde, voller Dreck und waschelnass. Hatten auch \u00f6fters Nacht\u00fcbungen und gr\u00f6\u00dfere M\u00e4rsche zu machen, so erst am vergangenem Samstag einen \u00fcber 40 km. Todm\u00fcde kommt man da immer ins Quartier. Dann hei\u00dft es erst Umsorgen und Waffen reinigen, was nat\u00fcrlich viele Stunden von der Freizeit nimmt. Dann der weite Weg viermal am ag zum und vom Appellplatz. Aber wir sind schon sehr trainiert und dann sieht man erst was man so aushalten kann, wenn es sein muss. Betrifft auch die Gesundheit. Muss mich selbst oft fragen wieso ich fast jetzt ges\u00fcnder bin, trotz aller Strapazen, als wie fr\u00fcher, da ich im Gesch\u00e4ft beim warmen Ofen sein konnte. Mein Husten tritt jetzt nur mehr zeitweise auf und ich f\u00fchle mich auch sonst gesund. Freilich m\u00fcde bin ich immer, doch kommt das in erster Linie vom schweren Maschinengewehr, das ich ja wie ich Euch bereits mitteilte, die ganze Zeit mittragen muss. Bin auch immer bei gesundem Appetit, habe aber gottlob jetzt in dem neuen Quartier viel und gut zu Essen. Hoffe auch, dass jetzt nach der Besichtigung der Dienst etwas leichter und freier wird und habe auch Aussicht endlich Urlaub zu kriegen. Gibt also nach mehr als einem halben Jahr ein Wiedersehen. Doch sicher ist es noch nicht ganz. Schreibe Euch vorher jedenfalls gleich und freuen tue ich mich ja schon lange darauf. Bin sehr froh, dass ich Ohrensch\u00fctzer habe. Der Cognac und die Bonbons waren herrlich, doch die Butter war leider ranzig. War aber das Paket auch fast drei Wochen unterwegs. Was Essen anbelangt, sendet mir jetzt nichts, solange ich so gut verpflegt bin bei den Bauern. Aber um einen Film w\u00e4re ich schon sehr froh und hin und wieder ein Schnapserl. Vor allem bitte ich Euch um warme, nicht zu kleine Socken, da habe ich immer zu wenig. Roman hat mir auch erst einen Brief geschrieben und wird wenig Zeit haben, wie ich als Rekrut. Discher ist in der Steiermark und habe ihm auch schon geschrieben. Roman seine Frau hat auch einmal geschrieben und K\u00fcmisch Poldi aus Frankreich. Hoffe, dass ich jetzt mehr zum Schreiben komme und danke Euch, liebe Mutter und Lisl, vorl\u00e4ufig f\u00fcr Alles. Hoffe auch, dass Ihr gesund seid und gr\u00fc\u00dfe Euch recht herzlich. Eurer dankbarer Toni<\/p><p>P.S.: Wenn Ihr mir schreibt, nicht mehr J\u00e4ger, sondern Soldat schreiben. Muss jetzt bei Feld. Post No. einheitlich sein. Viele Gr\u00fc\u00dfe auch an Fredi, wenn er kommt.<\/p>\t\t\t\t\t\t\t\t<\/div>\n\t\t\t\t<\/div>\n\t\t\t\t\t<\/div>\n\t\t<\/div>\n\t\t\t\t\t<\/div>\n\t\t<\/section>\n\t\t\t\t<section class=\"elementor-section elementor-top-section elementor-element elementor-element-3d5af91 elementor-section-boxed elementor-section-height-default elementor-section-height-default\" data-id=\"3d5af91\" data-element_type=\"section\" data-e-type=\"section\">\n\t\t\t\t\t\t<div class=\"elementor-container elementor-column-gap-default\">\n\t\t\t\t\t<div class=\"elementor-column elementor-col-100 elementor-top-column elementor-element elementor-element-446cf4e\" data-id=\"446cf4e\" data-element_type=\"column\" data-e-type=\"column\">\n\t\t\t<div class=\"elementor-widget-wrap elementor-element-populated\">\n\t\t\t\t\t\t<div class=\"elementor-element elementor-element-b5ba69d elementor-widget elementor-widget-heading\" data-id=\"b5ba69d\" data-element_type=\"widget\" data-e-type=\"widget\" data-widget_type=\"heading.default\">\n\t\t\t\t<div class=\"elementor-widget-container\">\n\t\t\t\t\t<h2 class=\"elementor-heading-title elementor-size-default\">Der originale Feldpostbrief<\/h2>\t\t\t\t<\/div>\n\t\t\t\t<\/div>\n\t\t\t\t\t<\/div>\n\t\t<\/div>\n\t\t\t\t\t<\/div>\n\t\t<\/section>\n\t\t\t\t<section class=\"elementor-section elementor-top-section elementor-element elementor-element-aaba49c elementor-section-boxed elementor-section-height-default elementor-section-height-default\" data-id=\"aaba49c\" data-element_type=\"section\" data-e-type=\"section\">\n\t\t\t\t\t\t<div class=\"elementor-container elementor-column-gap-default\">\n\t\t\t\t\t<div class=\"elementor-column elementor-col-100 elementor-top-column elementor-element elementor-element-f1a1a28\" data-id=\"f1a1a28\" data-element_type=\"column\" data-e-type=\"column\">\n\t\t\t<div class=\"elementor-widget-wrap elementor-element-populated\">\n\t\t\t\t\t\t<section class=\"elementor-section elementor-inner-section elementor-element elementor-element-ac1b850 elementor-section-boxed elementor-section-height-default elementor-section-height-default\" data-id=\"ac1b850\" data-element_type=\"section\" data-e-type=\"section\">\n\t\t\t\t\t\t<div class=\"elementor-container elementor-column-gap-default\">\n\t\t\t\t\t<div class=\"elementor-column elementor-col-50 elementor-inner-column elementor-element elementor-element-67922f9\" data-id=\"67922f9\" data-element_type=\"column\" data-e-type=\"column\">\n\t\t\t<div class=\"elementor-widget-wrap elementor-element-populated\">\n\t\t\t\t\t\t<div class=\"elementor-element elementor-element-3677e18 elementor-widget elementor-widget-image\" data-id=\"3677e18\" data-element_type=\"widget\" data-e-type=\"widget\" data-widget_type=\"image.default\">\n\t\t\t\t<div class=\"elementor-widget-container\">\n\t\t\t\t\t\t\t\t\t\t\t\t<figure class=\"wp-caption\">\n\t\t\t\t\t\t\t\t\t\t\t<a href=\"https:\/\/www.markus-steinacher.at\/feldpost\/wp-content\/uploads\/2020\/05\/Feldpostbrief-Anton-Steinacher-21021941-Ort-unbekannt.jpg\" data-elementor-open-lightbox=\"yes\" data-elementor-lightbox-title=\"Feldpostbrief Anton Steinacher 21021941 Ort unbekannt\" data-e-action-hash=\"#elementor-action%3Aaction%3Dlightbox%26settings%3DeyJpZCI6NDQyLCJ1cmwiOiJodHRwczpcL1wvd3d3Lm1hcmt1cy1zdGVpbmFjaGVyLmF0XC9mZWxkcG9zdFwvd3AtY29udGVudFwvdXBsb2Fkc1wvMjAyMFwvMDVcL0ZlbGRwb3N0YnJpZWYtQW50b24tU3RlaW5hY2hlci0yMTAyMTk0MS1PcnQtdW5iZWthbm50LmpwZyJ9\">\n\t\t\t\t\t\t\t<img fetchpriority=\"high\" decoding=\"async\" width=\"1200\" height=\"630\" src=\"https:\/\/www.markus-steinacher.at\/feldpost\/wp-content\/uploads\/2020\/05\/Feldpostbrief-Anton-Steinacher-21021941-Ort-unbekannt.jpg\" class=\"attachment-full size-full wp-image-442\" alt=\"Feldpostbrief Anton Steinacher 21.02.1941 Ort unbekannt\" srcset=\"https:\/\/www.markus-steinacher.at\/feldpost\/wp-content\/uploads\/2020\/05\/Feldpostbrief-Anton-Steinacher-21021941-Ort-unbekannt.jpg 1200w, https:\/\/www.markus-steinacher.at\/feldpost\/wp-content\/uploads\/2020\/05\/Feldpostbrief-Anton-Steinacher-21021941-Ort-unbekannt-300x158.jpg 300w, https:\/\/www.markus-steinacher.at\/feldpost\/wp-content\/uploads\/2020\/05\/Feldpostbrief-Anton-Steinacher-21021941-Ort-unbekannt-1024x538.jpg 1024w, https:\/\/www.markus-steinacher.at\/feldpost\/wp-content\/uploads\/2020\/05\/Feldpostbrief-Anton-Steinacher-21021941-Ort-unbekannt-768x403.jpg 768w, https:\/\/www.markus-steinacher.at\/feldpost\/wp-content\/uploads\/2020\/05\/Feldpostbrief-Anton-Steinacher-21021941-Ort-unbekannt-830x436.jpg 830w, https:\/\/www.markus-steinacher.at\/feldpost\/wp-content\/uploads\/2020\/05\/Feldpostbrief-Anton-Steinacher-21021941-Ort-unbekannt-230x121.jpg 230w, https:\/\/www.markus-steinacher.at\/feldpost\/wp-content\/uploads\/2020\/05\/Feldpostbrief-Anton-Steinacher-21021941-Ort-unbekannt-350x184.jpg 350w, https:\/\/www.markus-steinacher.at\/feldpost\/wp-content\/uploads\/2020\/05\/Feldpostbrief-Anton-Steinacher-21021941-Ort-unbekannt-480x252.jpg 480w\" sizes=\"(max-width: 1200px) 100vw, 1200px\" \/>\t\t\t\t\t\t\t\t<\/a>\n\t\t\t\t\t\t\t\t\t\t\t<figcaption class=\"widget-image-caption wp-caption-text\">Fotografie des originalen Feldpostbriefes von Anton Steinacher vom 21.2.1941<\/figcaption>\n\t\t\t\t\t\t\t\t\t\t<\/figure>\n\t\t\t\t\t\t\t\t\t<\/div>\n\t\t\t\t<\/div>\n\t\t\t\t\t<\/div>\n\t\t<\/div>\n\t\t\t\t<div class=\"elementor-column elementor-col-50 elementor-inner-column elementor-element elementor-element-9fe4da0\" data-id=\"9fe4da0\" data-element_type=\"column\" data-e-type=\"column\">\n\t\t\t<div class=\"elementor-widget-wrap elementor-element-populated\">\n\t\t\t\t\t\t<div class=\"elementor-element elementor-element-236a32e elementor-widget elementor-widget-image\" data-id=\"236a32e\" data-element_type=\"widget\" data-e-type=\"widget\" data-widget_type=\"image.default\">\n\t\t\t\t<div class=\"elementor-widget-container\">\n\t\t\t\t\t\t\t\t\t\t\t\t<figure class=\"wp-caption\">\n\t\t\t\t\t\t\t\t\t\t\t<a href=\"https:\/\/www.markus-steinacher.at\/feldpost\/wp-content\/uploads\/2020\/05\/Feldpostbrief-Anton-Steinacher-21021941-Feldpostnummer-11649e.jpg\" data-elementor-open-lightbox=\"yes\" data-elementor-lightbox-title=\"Feldpostbrief Anton Steinacher 21021941 Feldpostnummer 11649e\" data-e-action-hash=\"#elementor-action%3Aaction%3Dlightbox%26settings%3DeyJpZCI6NDQxLCJ1cmwiOiJodHRwczpcL1wvd3d3Lm1hcmt1cy1zdGVpbmFjaGVyLmF0XC9mZWxkcG9zdFwvd3AtY29udGVudFwvdXBsb2Fkc1wvMjAyMFwvMDVcL0ZlbGRwb3N0YnJpZWYtQW50b24tU3RlaW5hY2hlci0yMTAyMTk0MS1GZWxkcG9zdG51bW1lci0xMTY0OWUuanBnIn0%3D\">\n\t\t\t\t\t\t\t<img decoding=\"async\" width=\"1200\" height=\"630\" src=\"https:\/\/www.markus-steinacher.at\/feldpost\/wp-content\/uploads\/2020\/05\/Feldpostbrief-Anton-Steinacher-21021941-Feldpostnummer-11649e.jpg\" class=\"attachment-full size-full wp-image-441\" alt=\"Feldpostbrief Anton Steinacher 21.02.1941 Feldpostnummer 11649e\" srcset=\"https:\/\/www.markus-steinacher.at\/feldpost\/wp-content\/uploads\/2020\/05\/Feldpostbrief-Anton-Steinacher-21021941-Feldpostnummer-11649e.jpg 1200w, https:\/\/www.markus-steinacher.at\/feldpost\/wp-content\/uploads\/2020\/05\/Feldpostbrief-Anton-Steinacher-21021941-Feldpostnummer-11649e-300x158.jpg 300w, https:\/\/www.markus-steinacher.at\/feldpost\/wp-content\/uploads\/2020\/05\/Feldpostbrief-Anton-Steinacher-21021941-Feldpostnummer-11649e-1024x538.jpg 1024w, https:\/\/www.markus-steinacher.at\/feldpost\/wp-content\/uploads\/2020\/05\/Feldpostbrief-Anton-Steinacher-21021941-Feldpostnummer-11649e-768x403.jpg 768w, https:\/\/www.markus-steinacher.at\/feldpost\/wp-content\/uploads\/2020\/05\/Feldpostbrief-Anton-Steinacher-21021941-Feldpostnummer-11649e-830x436.jpg 830w, https:\/\/www.markus-steinacher.at\/feldpost\/wp-content\/uploads\/2020\/05\/Feldpostbrief-Anton-Steinacher-21021941-Feldpostnummer-11649e-230x121.jpg 230w, https:\/\/www.markus-steinacher.at\/feldpost\/wp-content\/uploads\/2020\/05\/Feldpostbrief-Anton-Steinacher-21021941-Feldpostnummer-11649e-350x184.jpg 350w, https:\/\/www.markus-steinacher.at\/feldpost\/wp-content\/uploads\/2020\/05\/Feldpostbrief-Anton-Steinacher-21021941-Feldpostnummer-11649e-480x252.jpg 480w\" sizes=\"(max-width: 1200px) 100vw, 1200px\" \/>\t\t\t\t\t\t\t\t<\/a>\n\t\t\t\t\t\t\t\t\t\t\t<figcaption class=\"widget-image-caption wp-caption-text\">Absender: Soldat A. Steinacher Feldpost No 11.649 C<\/figcaption>\n\t\t\t\t\t\t\t\t\t\t<\/figure>\n\t\t\t\t\t\t\t\t\t<\/div>\n\t\t\t\t<\/div>\n\t\t\t\t\t<\/div>\n\t\t<\/div>\n\t\t\t\t\t<\/div>\n\t\t<\/section>\n\t\t\t\t\t<\/div>\n\t\t<\/div>\n\t\t\t\t\t<\/div>\n\t\t<\/section>\n\t\t\t\t<section class=\"elementor-section elementor-top-section elementor-element elementor-element-dd41973 elementor-section-boxed elementor-section-height-default elementor-section-height-default\" data-id=\"dd41973\" data-element_type=\"section\" data-e-type=\"section\">\n\t\t\t\t\t\t<div class=\"elementor-container elementor-column-gap-default\">\n\t\t\t\t\t<div class=\"elementor-column elementor-col-100 elementor-top-column elementor-element elementor-element-57cee62\" data-id=\"57cee62\" data-element_type=\"column\" data-e-type=\"column\">\n\t\t\t<div class=\"elementor-widget-wrap elementor-element-populated\">\n\t\t\t\t\t\t<div class=\"elementor-element elementor-element-1bb2ae6 elementor-widget elementor-widget-heading\" data-id=\"1bb2ae6\" data-element_type=\"widget\" data-e-type=\"widget\" data-widget_type=\"heading.default\">\n\t\t\t\t<div class=\"elementor-widget-container\">\n\t\t\t\t\t<h3 class=\"elementor-heading-title elementor-size-default\">Weitere Infomationen zu diesem Feldpostbrief<\/h3>\t\t\t\t<\/div>\n\t\t\t\t<\/div>\n\t\t\t\t<div class=\"elementor-element elementor-element-d884e9e elementor-widget elementor-widget-text-editor\" data-id=\"d884e9e\" data-element_type=\"widget\" data-e-type=\"widget\" data-widget_type=\"text-editor.default\">\n\t\t\t\t<div class=\"elementor-widget-container\">\n\t\t\t\t\t\t\t\t\t<p>Dies ist der erste Feldpostbrief, den Anton Steinacher aus seinem neuen Batallion an einem unbekannten Ort geschrieben hat. Zu dieser Zeit waren die Standorte der Truppen sehr geheim, um den feindlichen Nachrichtendiensten keine Informationsquellen bieten zu k\u00f6nnen. Es liegt die Vermutung nahe, dass sich Anton Steinacher zu diesem Zeitpunkt in Bad Aibling (westlich des Chiemsee) aufgehalten hat. Dort wurde sein neues Regiment, das <a href=\"http:\/\/www.lexikon-der-wehrmacht.de\/Gliederungen\/Infanterieregimenter\/IR207-R.htm\"  target='_blank' rel='noopener noreferrer' rel=\"noopener\">Infanterie-Regiment 207<\/a> am 15.12.1940 aufgestellt. Um die Kommunikation innerhalb der Wehrmacht zu gew\u00e4hrleisten, wurde ein durchdachtes Feldpostnummern-System verwendet. Jedes Regiment verf\u00fcgte \u00fcber eine eindeutige Feldpostnummer. Durch diese Feldpostnummer konnten Briefe der jeweiligen Zustelladresse zugeordnet werden. Es war den Soldaten strengstens untersagt, Namen der Kommandaten und heikle Standortinformationen in den Briefen zu erw\u00e4hnen. Der Buchstabe am Ende der Feldpostnummer kennzeichnet die jweilige Kompanie (die kleinste milit\u00e4rische Einheit eines Regiments), in welcher sich der Soldat befindet.<\/p><p>Anton Steinacher war der Feldpostnummer 11.649 C zugeteilt, welche sich auf das <a href=\"http:\/\/www.lexikon-der-wehrmacht.de\/Gliederungen\/Infanterieregimenter\/IR207-R.htm\"  target='_blank' rel='noopener noreferrer' rel=\"noopener\">Infanterie<\/a>&#8211; bzw. in Folge auf das <a href=\"http:\/\/www.lexikon-der-wehrmacht.de\/Gliederungen\/JagerReg\/JReg207-R.htm\"  target='_blank' rel='noopener noreferrer' rel=\"noopener\">J\u00e4ger-Regiment 207 Stab II. Bataillon 7. Kompanie<\/a> r\u00fcckverfolgen l\u00e4sst.<\/p>\t\t\t\t\t\t\t\t<\/div>\n\t\t\t\t<\/div>\n\t\t\t\t\t<\/div>\n\t\t<\/div>\n\t\t\t\t\t<\/div>\n\t\t<\/section>\n\t\t\t\t<section class=\"elementor-section elementor-top-section elementor-element elementor-element-fc6862d elementor-section-boxed elementor-section-height-default elementor-section-height-default\" data-id=\"fc6862d\" data-element_type=\"section\" data-e-type=\"section\">\n\t\t\t\t\t\t<div class=\"elementor-container elementor-column-gap-default\">\n\t\t\t\t\t<div class=\"elementor-column elementor-col-100 elementor-top-column elementor-element elementor-element-9b97dd0\" data-id=\"9b97dd0\" data-element_type=\"column\" data-e-type=\"column\">\n\t\t\t<div class=\"elementor-widget-wrap elementor-element-populated\">\n\t\t\t\t\t\t<div class=\"elementor-element elementor-element-09a95e1 elementor-widget elementor-widget-text-editor\" data-id=\"09a95e1\" data-element_type=\"widget\" data-e-type=\"widget\" data-widget_type=\"text-editor.default\">\n\t\t\t\t<div class=\"elementor-widget-container\">\n\t\t\t\t\t\t\t\t\t<h5>Informationen zur Entstehung des Infanterie-Regiment 207 am 15.12.1940:<\/h5><p>Infanterie-Rgt. 207 * 15. 12. 1940 (12. Welle) in Bad Aibling, WK VII (seit 9. 12. als Rgt. A der 97. ID), aus der 7. Inf.Div.: I. aus III.\/Inf.Rgt. 62 (* bei Mobilmachung in Landshut); J\u00e4ger-Rgt. 207 seit 6.7. 1942; dazu am 1.6. 1944 eine 17. (Pi.)Kp. G: I. 1-5. II. 6-10. III. 11-15, 16 (Pz.Jg.) und 1944 17 (Pi.) U: 97. leichte Inf.Div.: 1941 S\u00fcdru\u00dfland (Lemberg, Kiew, Donez), 1942 am Donez 97. J\u00e4ger-Div. (seit 6. 7. 1942): 1942 Kaukasus, 1943 Kaukasus, Kuban, Krim, Nov. S\u00fcdru\u00dfland (Nikopol), 1944 S\u00fcdukrainc (Nikopol, Kischinew), Aug. Weichsel (Baranow), Okt. Beskiden. 1945 Oberschlesien, Mahren E: 100 (Geb.J\u00e4g.) Bad Reichcnhall, WK VII<\/p>\t\t\t\t\t\t\t\t<\/div>\n\t\t\t\t<\/div>\n\t\t\t\t<div class=\"elementor-element elementor-element-f4014d2 elementor-align-center elementor-widget elementor-widget-button\" data-id=\"f4014d2\" data-element_type=\"widget\" data-e-type=\"widget\" data-widget_type=\"button.default\">\n\t\t\t\t<div class=\"elementor-widget-container\">\n\t\t\t\t\t\t\t\t\t<div class=\"elementor-button-wrapper\">\n\t\t\t\t\t<a class=\"elementor-button elementor-button-link elementor-size-sm\" href=\"https:\/\/www.markus-steinacher.at\/feldpost\/wp-content\/uploads\/2020\/05\/Deutsche-Wehrmacht-Infanterie-Regiment-207.pdf\">\n\t\t\t\t\t\t<span class=\"elementor-button-content-wrapper\">\n\t\t\t\t\t\t\t\t\t<span class=\"elementor-button-text\">Download: Information zum Infanterie-Regiment 207 auf Seite 17<\/span>\n\t\t\t\t\t<\/span>\n\t\t\t\t\t<\/a>\n\t\t\t\t<\/div>\n\t\t\t\t\t\t\t\t<\/div>\n\t\t\t\t<\/div>\n\t\t\t\t\t<\/div>\n\t\t<\/div>\n\t\t\t\t\t<\/div>\n\t\t<\/section>\n\t\t\t\t<\/div>\n\t\t","protected":false},"excerpt":{"rendered":"<p>Liebe Mutter und liebe Lisl! Ich habe das Paket und den Brief bekommen und kann Euch gleich zur\u00fcck schreiben. Wir hatten n\u00e4mlich [&hellip;]<\/p>\n","protected":false},"author":1,"featured_media":0,"parent":75,"menu_order":0,"comment_status":"closed","ping_status":"closed","template":"","meta":{"_acf_changed":false,"footnotes":""},"class_list":["post-139","page","type-page","status-publish","hentry"],"aioseo_notices":[],"acf":[],"_links":{"self":[{"href":"https:\/\/www.markus-steinacher.at\/feldpost\/wp-json\/wp\/v2\/pages\/139","targetHints":{"allow":["GET"]}}],"collection":[{"href":"https:\/\/www.markus-steinacher.at\/feldpost\/wp-json\/wp\/v2\/pages"}],"about":[{"href":"https:\/\/www.markus-steinacher.at\/feldpost\/wp-json\/wp\/v2\/types\/page"}],"author":[{"embeddable":true,"href":"https:\/\/www.markus-steinacher.at\/feldpost\/wp-json\/wp\/v2\/users\/1"}],"replies":[{"embeddable":true,"href":"https:\/\/www.markus-steinacher.at\/feldpost\/wp-json\/wp\/v2\/comments?post=139"}],"version-history":[{"count":0,"href":"https:\/\/www.markus-steinacher.at\/feldpost\/wp-json\/wp\/v2\/pages\/139\/revisions"}],"up":[{"embeddable":true,"href":"https:\/\/www.markus-steinacher.at\/feldpost\/wp-json\/wp\/v2\/pages\/75"}],"wp:attachment":[{"href":"https:\/\/www.markus-steinacher.at\/feldpost\/wp-json\/wp\/v2\/media?parent=139"}],"curies":[{"name":"wp","href":"https:\/\/api.w.org\/{rel}","templated":true}]}}