{"id":161,"date":"2020-04-21T08:33:27","date_gmt":"2020-04-21T06:33:27","guid":{"rendered":"https:\/\/www.markus-steinacher.at\/feldpost\/?page_id=161"},"modified":"2020-05-06T23:29:06","modified_gmt":"2020-05-06T21:29:06","slug":"feldpostbrief-17-6-1941-ort-unbekannt","status":"publish","type":"page","link":"https:\/\/www.markus-steinacher.at\/feldpost\/feldpostbriefe\/feldpostbrief-17-6-1941-ort-unbekannt\/","title":{"rendered":"Feldpostbrief vom 17.6.1941 &#8211; Ort unbekannt (verm. Polen im Raum Le\u017cajsk)"},"content":{"rendered":"\t\t<div data-elementor-type=\"wp-page\" data-elementor-id=\"161\" class=\"elementor elementor-161\">\n\t\t\t\t\t\t<section class=\"elementor-section elementor-top-section elementor-element elementor-element-6228b14 elementor-section-boxed elementor-section-height-default elementor-section-height-default\" data-id=\"6228b14\" data-element_type=\"section\" data-e-type=\"section\">\n\t\t\t\t\t\t<div class=\"elementor-container elementor-column-gap-default\">\n\t\t\t\t\t<div class=\"elementor-column elementor-col-100 elementor-top-column elementor-element elementor-element-f4e744f\" data-id=\"f4e744f\" data-element_type=\"column\" data-e-type=\"column\">\n\t\t\t<div class=\"elementor-widget-wrap elementor-element-populated\">\n\t\t\t\t\t\t<div class=\"elementor-element elementor-element-f56105c elementor-widget elementor-widget-text-editor\" data-id=\"f56105c\" data-element_type=\"widget\" data-e-type=\"widget\" data-widget_type=\"text-editor.default\">\n\t\t\t\t<div class=\"elementor-widget-container\">\n\t\t\t\t\t\t\t\t\t<p>Liebe Mutter!<\/p><p>Habe Deine Karte bekommen und erwidere Deine und die Gr\u00fc\u00dfe von der Lisl herzlichst. Ich bin mit meiner Truppe nun schon wochenlang unterwegs und ein ganz sch\u00f6nes St\u00fcck von der Heimat entfernt. Zuerst fuhren wir einige Tage und N\u00e4chte mit der Bahn, in G\u00fcterwagen nat\u00fcrlich, und seitdem marschieren wir, meist nachts in 40 bis 50km Etappen, unserem, uns unbekanntem Ziel entgegen. Es besteht hier sehr gro\u00dfe Spionagegefahr und kann Dir deshalb nicht schreiben, wo ich mich befinde. Jedenfalls bin ich gesund und brauchst Dir keine Sorgen um mich zu machen. Freilich gr\u00f6\u00dfere Strapazen und einigerma\u00dfen Feindber\u00fchrungen geh\u00f6ren jetzt wohl zu unserem Dienst. Aber schlie\u00dflich bin ich Soldat und immerhin seit der Rekrutenzeit an derma\u00dfen gew\u00f6hnt worden. Wenn es dortmals auch viel Schwei\u00df kostete, empfinden wir es heute als gute Vorbereitung. Die M\u00e4rsche machen mir pers\u00f6nlich nicht viel aus und es zeigt sich, dass mein Beruf und die sportliche Bet\u00e4tigung, wie Radfahren und Bergtouren und Skifahren, jahrelang gute \u00dcbung, f\u00fcr die gegenw\u00e4rtige T\u00e4tigkeit und den uns bevorstehenden Feindeinsatz bilden. Wie es kommen wird, werden Euch daheim schon die Zeitungen laufend mitteilen. Was unser F\u00fchrer vor hat und wie er entscheiden und befehlen wird, wissen wir alle nicht. Jedenfalls wird er, wie immer, das Rechte schon treffen. Wenn wir dabei schon Opfer bringen m\u00fcssen, werden wir auch wieder entsch\u00e4digt, damit, dass man viel Neues sieht und erlebt, was im Zivilleben nie m\u00f6glich w\u00e4re. Man kann mit offenen Augen und Ohren viel zulernen, was einem im sp\u00e4teren Leben gut anstehen wird. Ich habe jetzt, die kurze Zeit bereits, so viel gesehen, wie in Zivil in einigen Jahren nicht. Werde Euch, bis ich wieder einmal auf Urlaub komme, erz\u00e4hlen k\u00f6nnen. Nun zu Euch. Wie geht es Dir und der Lisl, liebe Mutter? Ist ja l\u00e4ngst schon wieder die viele Arbeit mit Wiesen und Feldbestellung und eine wahre Plage f\u00fcr Euch beide. Hoffentlich bist Du aber gesund und ist auch der Lisl ihr Rheuma und Katarrh wieder weg. Was ist Neues in Lilienfeld und Deutschwald? Freiner Gro\u00dfvater machte es pl\u00f6tzlich, wahrscheinlich Altersschw\u00e4che. Ich habe von Reichenhall einmal Albinonkel geschrieben, aber keine Antwort bekommen. Ich fahre nach dem Krieg mit Dir einmal hin und musst Du mir die sch\u00f6ne Gegend zeigen und erkl\u00e4ren. Von Purkersdorf hat mir Roman seine Frau geschrieben, dass alles wohlauf ist und von ihm selber, sowie von Fredi habe ich ebenfalls gute Nachricht. Frau Lensky schreibt mir auch \u00f6fters und schickt mir hin und wieder auch ein Packerl. Sie ist ein wirklich gutes Leut\u2018 und bin Dir und Lisl sehr dankbar, dass Ihr sie eingeladen habt. Hoffentlich kriegt sie Urlaub. Nun, liebe Mutter, h\u00e4tte ich eine gro\u00dfe Bitte. N\u00e4mlich die Socken sind schon kaputt. Ich stopfe sie ja, wann immer es m\u00f6glich ist, aber die langen M\u00e4rsche setzen ihnen gewaltig zu. Dann bitte ich Dich um ein Schuhpastab\u00fcrstel und um eine Stange feste Brillantine. Wenn Du ein Doserl Niveacreme auftreiben k\u00f6nntest, w\u00e4re fein nach dem Rasieren. Das Wasser hier ist allgemein schlecht und springt die Haut stark auf. Zu Essen schicke mir nicht, h\u00f6chstens Zwieback oder so, da die Pakete meist einige Wochen bis hierher brauchen und dann alles verdorben ist. Wenn der Eintopf nicht ausreicht und wir Hunger haben, treten wir in regen Handel mit der hiesigen Bev\u00f6lkerung und k\u00f6nnen meist das Notwendigste beschaffen. Ein Jammer ist allerdings das Waschen mit kaltem Wasser und wenig Seife. Also vielen Dank im Voraus und schreibe mir auch bald wieder. Nochmals recht herzlichen Gru\u00df an Dich und die Lisl, ein dankbarer Sohn Toni<\/p>\t\t\t\t\t\t\t\t<\/div>\n\t\t\t\t<\/div>\n\t\t\t\t\t<\/div>\n\t\t<\/div>\n\t\t\t\t\t<\/div>\n\t\t<\/section>\n\t\t\t\t<section class=\"elementor-section elementor-top-section elementor-element elementor-element-02ccf84 elementor-section-boxed elementor-section-height-default elementor-section-height-default\" data-id=\"02ccf84\" data-element_type=\"section\" data-e-type=\"section\">\n\t\t\t\t\t\t<div class=\"elementor-container elementor-column-gap-default\">\n\t\t\t\t\t<div class=\"elementor-column elementor-col-100 elementor-top-column elementor-element elementor-element-9db1be5\" data-id=\"9db1be5\" data-element_type=\"column\" data-e-type=\"column\">\n\t\t\t<div class=\"elementor-widget-wrap elementor-element-populated\">\n\t\t\t\t\t\t<div class=\"elementor-element elementor-element-bc210c0 elementor-widget elementor-widget-heading\" data-id=\"bc210c0\" data-element_type=\"widget\" data-e-type=\"widget\" data-widget_type=\"heading.default\">\n\t\t\t\t<div class=\"elementor-widget-container\">\n\t\t\t\t\t<h2 class=\"elementor-heading-title elementor-size-default\">Der originale Feldpostbrief<\/h2>\t\t\t\t<\/div>\n\t\t\t\t<\/div>\n\t\t\t\t\t<\/div>\n\t\t<\/div>\n\t\t\t\t\t<\/div>\n\t\t<\/section>\n\t\t\t\t<section class=\"elementor-section elementor-top-section elementor-element elementor-element-a3d73ff elementor-section-boxed elementor-section-height-default elementor-section-height-default\" data-id=\"a3d73ff\" data-element_type=\"section\" data-e-type=\"section\">\n\t\t\t\t\t\t<div class=\"elementor-container elementor-column-gap-default\">\n\t\t\t\t\t<div class=\"elementor-column elementor-col-100 elementor-top-column elementor-element elementor-element-d2bc232\" data-id=\"d2bc232\" data-element_type=\"column\" data-e-type=\"column\">\n\t\t\t<div class=\"elementor-widget-wrap elementor-element-populated\">\n\t\t\t\t\t\t<section class=\"elementor-section elementor-inner-section elementor-element elementor-element-315fd0f elementor-section-boxed elementor-section-height-default elementor-section-height-default\" data-id=\"315fd0f\" data-element_type=\"section\" data-e-type=\"section\">\n\t\t\t\t\t\t<div class=\"elementor-container elementor-column-gap-default\">\n\t\t\t\t\t<div class=\"elementor-column elementor-col-50 elementor-inner-column elementor-element elementor-element-ec136ab\" data-id=\"ec136ab\" data-element_type=\"column\" data-e-type=\"column\">\n\t\t\t<div class=\"elementor-widget-wrap elementor-element-populated\">\n\t\t\t\t\t\t<div class=\"elementor-element elementor-element-378cfdf elementor-widget elementor-widget-image\" data-id=\"378cfdf\" data-element_type=\"widget\" data-e-type=\"widget\" data-widget_type=\"image.default\">\n\t\t\t\t<div class=\"elementor-widget-container\">\n\t\t\t\t\t\t\t\t\t\t\t\t<figure class=\"wp-caption\">\n\t\t\t\t\t\t\t\t\t\t\t<a href=\"https:\/\/www.markus-steinacher.at\/feldpost\/wp-content\/uploads\/2020\/05\/Feldpostbrief-Anton-Steinacher-17061941-Feldpostnummer-11649e.jpg\" data-elementor-open-lightbox=\"yes\" data-elementor-lightbox-title=\"Feldpostbrief Anton Steinacher 17061941 Feldpostnummer 11649e\" data-e-action-hash=\"#elementor-action%3Aaction%3Dlightbox%26settings%3DeyJpZCI6NDc3LCJ1cmwiOiJodHRwczpcL1wvd3d3Lm1hcmt1cy1zdGVpbmFjaGVyLmF0XC9mZWxkcG9zdFwvd3AtY29udGVudFwvdXBsb2Fkc1wvMjAyMFwvMDVcL0ZlbGRwb3N0YnJpZWYtQW50b24tU3RlaW5hY2hlci0xNzA2MTk0MS1GZWxkcG9zdG51bW1lci0xMTY0OWUuanBnIn0%3D\">\n\t\t\t\t\t\t\t<img fetchpriority=\"high\" decoding=\"async\" width=\"1200\" height=\"630\" src=\"https:\/\/www.markus-steinacher.at\/feldpost\/wp-content\/uploads\/2020\/05\/Feldpostbrief-Anton-Steinacher-17061941-Feldpostnummer-11649e.jpg\" class=\"attachment-full size-full wp-image-477\" alt=\"Feldpostbrief Anton Steinacher 17061941 Feldpostnummer 11649e\" srcset=\"https:\/\/www.markus-steinacher.at\/feldpost\/wp-content\/uploads\/2020\/05\/Feldpostbrief-Anton-Steinacher-17061941-Feldpostnummer-11649e.jpg 1200w, https:\/\/www.markus-steinacher.at\/feldpost\/wp-content\/uploads\/2020\/05\/Feldpostbrief-Anton-Steinacher-17061941-Feldpostnummer-11649e-300x158.jpg 300w, https:\/\/www.markus-steinacher.at\/feldpost\/wp-content\/uploads\/2020\/05\/Feldpostbrief-Anton-Steinacher-17061941-Feldpostnummer-11649e-1024x538.jpg 1024w, https:\/\/www.markus-steinacher.at\/feldpost\/wp-content\/uploads\/2020\/05\/Feldpostbrief-Anton-Steinacher-17061941-Feldpostnummer-11649e-768x403.jpg 768w, https:\/\/www.markus-steinacher.at\/feldpost\/wp-content\/uploads\/2020\/05\/Feldpostbrief-Anton-Steinacher-17061941-Feldpostnummer-11649e-830x436.jpg 830w, https:\/\/www.markus-steinacher.at\/feldpost\/wp-content\/uploads\/2020\/05\/Feldpostbrief-Anton-Steinacher-17061941-Feldpostnummer-11649e-230x121.jpg 230w, https:\/\/www.markus-steinacher.at\/feldpost\/wp-content\/uploads\/2020\/05\/Feldpostbrief-Anton-Steinacher-17061941-Feldpostnummer-11649e-350x184.jpg 350w, https:\/\/www.markus-steinacher.at\/feldpost\/wp-content\/uploads\/2020\/05\/Feldpostbrief-Anton-Steinacher-17061941-Feldpostnummer-11649e-480x252.jpg 480w\" sizes=\"(max-width: 1200px) 100vw, 1200px\" \/>\t\t\t\t\t\t\t\t<\/a>\n\t\t\t\t\t\t\t\t\t\t\t<figcaption class=\"widget-image-caption wp-caption-text\">Fotografie des originalen Feldpostbriefes von Anton Steinacher vom 17.6.1941<\/figcaption>\n\t\t\t\t\t\t\t\t\t\t<\/figure>\n\t\t\t\t\t\t\t\t\t<\/div>\n\t\t\t\t<\/div>\n\t\t\t\t\t<\/div>\n\t\t<\/div>\n\t\t\t\t<div class=\"elementor-column elementor-col-50 elementor-inner-column elementor-element elementor-element-b11d06d\" data-id=\"b11d06d\" data-element_type=\"column\" data-e-type=\"column\">\n\t\t\t<div class=\"elementor-widget-wrap elementor-element-populated\">\n\t\t\t\t\t\t<div class=\"elementor-element elementor-element-7b2d37e elementor-widget elementor-widget-image\" data-id=\"7b2d37e\" data-element_type=\"widget\" data-e-type=\"widget\" data-widget_type=\"image.default\">\n\t\t\t\t<div class=\"elementor-widget-container\">\n\t\t\t\t\t\t\t\t\t\t\t\t<figure class=\"wp-caption\">\n\t\t\t\t\t\t\t\t\t\t\t<a href=\"https:\/\/www.markus-steinacher.at\/feldpost\/wp-content\/uploads\/2020\/05\/Feldpostbrief-Anton-Steinacher-17061941-Feldpostnummer-11649e-Absender.jpg\" data-elementor-open-lightbox=\"yes\" data-elementor-lightbox-title=\"Feldpostbrief Anton Steinacher 17061941 Feldpostnummer 11649e Absender\" data-e-action-hash=\"#elementor-action%3Aaction%3Dlightbox%26settings%3DeyJpZCI6NDc2LCJ1cmwiOiJodHRwczpcL1wvd3d3Lm1hcmt1cy1zdGVpbmFjaGVyLmF0XC9mZWxkcG9zdFwvd3AtY29udGVudFwvdXBsb2Fkc1wvMjAyMFwvMDVcL0ZlbGRwb3N0YnJpZWYtQW50b24tU3RlaW5hY2hlci0xNzA2MTk0MS1GZWxkcG9zdG51bW1lci0xMTY0OWUtQWJzZW5kZXIuanBnIn0%3D\">\n\t\t\t\t\t\t\t<img decoding=\"async\" width=\"1200\" height=\"630\" src=\"https:\/\/www.markus-steinacher.at\/feldpost\/wp-content\/uploads\/2020\/05\/Feldpostbrief-Anton-Steinacher-17061941-Feldpostnummer-11649e-Absender.jpg\" class=\"attachment-full size-full wp-image-476\" alt=\"Feldpostbrief Anton Steinacher 17061941 Feldpostnummer 11649e Absender\" srcset=\"https:\/\/www.markus-steinacher.at\/feldpost\/wp-content\/uploads\/2020\/05\/Feldpostbrief-Anton-Steinacher-17061941-Feldpostnummer-11649e-Absender.jpg 1200w, https:\/\/www.markus-steinacher.at\/feldpost\/wp-content\/uploads\/2020\/05\/Feldpostbrief-Anton-Steinacher-17061941-Feldpostnummer-11649e-Absender-300x158.jpg 300w, https:\/\/www.markus-steinacher.at\/feldpost\/wp-content\/uploads\/2020\/05\/Feldpostbrief-Anton-Steinacher-17061941-Feldpostnummer-11649e-Absender-1024x538.jpg 1024w, https:\/\/www.markus-steinacher.at\/feldpost\/wp-content\/uploads\/2020\/05\/Feldpostbrief-Anton-Steinacher-17061941-Feldpostnummer-11649e-Absender-768x403.jpg 768w, https:\/\/www.markus-steinacher.at\/feldpost\/wp-content\/uploads\/2020\/05\/Feldpostbrief-Anton-Steinacher-17061941-Feldpostnummer-11649e-Absender-830x436.jpg 830w, https:\/\/www.markus-steinacher.at\/feldpost\/wp-content\/uploads\/2020\/05\/Feldpostbrief-Anton-Steinacher-17061941-Feldpostnummer-11649e-Absender-230x121.jpg 230w, https:\/\/www.markus-steinacher.at\/feldpost\/wp-content\/uploads\/2020\/05\/Feldpostbrief-Anton-Steinacher-17061941-Feldpostnummer-11649e-Absender-350x184.jpg 350w, https:\/\/www.markus-steinacher.at\/feldpost\/wp-content\/uploads\/2020\/05\/Feldpostbrief-Anton-Steinacher-17061941-Feldpostnummer-11649e-Absender-480x252.jpg 480w\" sizes=\"(max-width: 1200px) 100vw, 1200px\" \/>\t\t\t\t\t\t\t\t<\/a>\n\t\t\t\t\t\t\t\t\t\t\t<figcaption class=\"widget-image-caption wp-caption-text\">Absender: Soldat A. Steinacher Feldpost No 11.649 C<\/figcaption>\n\t\t\t\t\t\t\t\t\t\t<\/figure>\n\t\t\t\t\t\t\t\t\t<\/div>\n\t\t\t\t<\/div>\n\t\t\t\t\t<\/div>\n\t\t<\/div>\n\t\t\t\t\t<\/div>\n\t\t<\/section>\n\t\t\t\t\t<\/div>\n\t\t<\/div>\n\t\t\t\t\t<\/div>\n\t\t<\/section>\n\t\t\t\t<section class=\"elementor-section elementor-top-section elementor-element elementor-element-d7232cb elementor-section-boxed elementor-section-height-default elementor-section-height-default\" data-id=\"d7232cb\" data-element_type=\"section\" data-e-type=\"section\">\n\t\t\t\t\t\t<div class=\"elementor-container elementor-column-gap-default\">\n\t\t\t\t\t<div class=\"elementor-column elementor-col-100 elementor-top-column elementor-element elementor-element-9fd5a5d\" data-id=\"9fd5a5d\" data-element_type=\"column\" data-e-type=\"column\">\n\t\t\t<div class=\"elementor-widget-wrap elementor-element-populated\">\n\t\t\t\t\t\t<div class=\"elementor-element elementor-element-b0f0c53 elementor-widget elementor-widget-heading\" data-id=\"b0f0c53\" data-element_type=\"widget\" data-e-type=\"widget\" data-widget_type=\"heading.default\">\n\t\t\t\t<div class=\"elementor-widget-container\">\n\t\t\t\t\t<h3 class=\"elementor-heading-title elementor-size-default\">Weitere Infomationen zu diesem Feldpostbrief<\/h3>\t\t\t\t<\/div>\n\t\t\t\t<\/div>\n\t\t\t\t<div class=\"elementor-element elementor-element-00a8816 elementor-widget elementor-widget-text-editor\" data-id=\"00a8816\" data-element_type=\"widget\" data-e-type=\"widget\" data-widget_type=\"text-editor.default\">\n\t\t\t\t<div class=\"elementor-widget-container\">\n\t\t\t\t\t\t\t\t\t<p>Auch an diesem Feldpostbrief ist zu erkennen, dass Hoffnung und Zuversicht eines der mentalen Auffangnetze der ahnungslosen Wehrmachtssoldaten war. Es ist hier auch von m\u00f6glicher Spionage die Rede, was die allgemeine Situation und Stimmung zus\u00e4tzlich anspannte. Anton Steinacher hat aber fest auf seine k\u00f6rperliche Leistungsf\u00e4higkeit und auf seine Grundausbildung vertraut, die ihm die Sicherheit gegeben hat, den bevorstehenden Anforderungen gewappnet zu sein. Man darf keineswegs au\u00dfer acht lassen und untersch\u00e4tzen, wie wichtig die mentale Einstellung zu einem gewissen Umstand sein kann. Wom\u00f6glich kann dies das Leben retten. Anton Steinacher hat auch hier versucht, dem Ganzen etwas Positives abzugewinnen, in dem er hier die M\u00f6glichkeit bekommen hat, die Welt zu sehen. \u00dcber den &#8222;F\u00fchrer&#8220; schreibt er kurz im positiven Kontext, was aus der Unwissenheit \u00fcber die bevorstehende Zukunft resultiert.<\/p><p>Anton Steinacher war der Feldpostnummer 11.649 C zugeteilt, welche sich auf das <a href=\"http:\/\/www.lexikon-der-wehrmacht.de\/Gliederungen\/Infanterieregimenter\/IR207-R.htm\"  target='_blank' rel='noopener noreferrer' rel=\"noopener\">Infanterie<\/a>&#8211; bzw. in Folge auf das <a href=\"http:\/\/www.lexikon-der-wehrmacht.de\/Gliederungen\/JagerReg\/JReg207-R.htm\"  target='_blank' rel='noopener noreferrer' rel=\"noopener\">J\u00e4ger-Regiment 207 Stab II. Bataillon 7. Kompanie<\/a> r\u00fcckverfolgen l\u00e4sst. Dieser Feldpostbrief wurde wahrscheinlich in der Umgebung der polnischen Stadt Le\u017cajsk, nur 5 Tage vor Ausbruch des Deutsch-Sowjetischen Krieges (Fall Barbarossa). Diese interaktive Landkarte zeigt den Weg des Infanterie-Regiment 207 der deutschen Wehrmacht zwischen 23.5. und 3.7.1941.<\/p>\t\t\t\t\t\t\t\t<\/div>\n\t\t\t\t<\/div>\n\t\t\t\t\t<\/div>\n\t\t<\/div>\n\t\t\t\t\t<\/div>\n\t\t<\/section>\n\t\t\t\t<section class=\"elementor-section elementor-top-section elementor-element elementor-element-03496aa elementor-section-boxed elementor-section-height-default elementor-section-height-default\" data-id=\"03496aa\" data-element_type=\"section\" data-e-type=\"section\">\n\t\t\t\t\t\t<div class=\"elementor-container elementor-column-gap-default\">\n\t\t\t\t\t<div class=\"elementor-column elementor-col-100 elementor-top-column elementor-element elementor-element-d1dc1fb\" data-id=\"d1dc1fb\" data-element_type=\"column\" data-e-type=\"column\">\n\t\t\t<div class=\"elementor-widget-wrap elementor-element-populated\">\n\t\t\t\t\t\t<div class=\"elementor-element elementor-element-7b8cb4d elementor-widget elementor-widget-html\" data-id=\"7b8cb4d\" data-element_type=\"widget\" data-e-type=\"widget\" data-widget_type=\"html.default\">\n\t\t\t\t<div class=\"elementor-widget-container\">\n\t\t\t\t\t<iframe src=\"https:\/\/www.google.com\/maps\/d\/u\/1\/embed?mid=1gF3LU8CSA4FZLVBJdV1BialcHqkMmBJY\" width=\"100%\" height=\"480\"><\/iframe>\t\t\t\t<\/div>\n\t\t\t\t<\/div>\n\t\t\t\t\t<\/div>\n\t\t<\/div>\n\t\t\t\t\t<\/div>\n\t\t<\/section>\n\t\t\t\t<\/div>\n\t\t","protected":false},"excerpt":{"rendered":"<p>Liebe Mutter! Habe Deine Karte bekommen und erwidere Deine und die Gr\u00fc\u00dfe von der Lisl herzlichst. Ich bin mit meiner Truppe nun [&hellip;]<\/p>\n","protected":false},"author":1,"featured_media":0,"parent":75,"menu_order":0,"comment_status":"closed","ping_status":"closed","template":"","meta":{"_acf_changed":false,"footnotes":""},"class_list":["post-161","page","type-page","status-publish","hentry"],"aioseo_notices":[],"acf":[],"_links":{"self":[{"href":"https:\/\/www.markus-steinacher.at\/feldpost\/wp-json\/wp\/v2\/pages\/161","targetHints":{"allow":["GET"]}}],"collection":[{"href":"https:\/\/www.markus-steinacher.at\/feldpost\/wp-json\/wp\/v2\/pages"}],"about":[{"href":"https:\/\/www.markus-steinacher.at\/feldpost\/wp-json\/wp\/v2\/types\/page"}],"author":[{"embeddable":true,"href":"https:\/\/www.markus-steinacher.at\/feldpost\/wp-json\/wp\/v2\/users\/1"}],"replies":[{"embeddable":true,"href":"https:\/\/www.markus-steinacher.at\/feldpost\/wp-json\/wp\/v2\/comments?post=161"}],"version-history":[{"count":0,"href":"https:\/\/www.markus-steinacher.at\/feldpost\/wp-json\/wp\/v2\/pages\/161\/revisions"}],"up":[{"embeddable":true,"href":"https:\/\/www.markus-steinacher.at\/feldpost\/wp-json\/wp\/v2\/pages\/75"}],"wp:attachment":[{"href":"https:\/\/www.markus-steinacher.at\/feldpost\/wp-json\/wp\/v2\/media?parent=161"}],"curies":[{"name":"wp","href":"https:\/\/api.w.org\/{rel}","templated":true}]}}