{"id":249,"date":"2020-04-21T10:01:10","date_gmt":"2020-04-21T08:01:10","guid":{"rendered":"https:\/\/www.markus-steinacher.at\/feldpost\/?page_id=249"},"modified":"2022-03-06T20:40:23","modified_gmt":"2022-03-06T19:40:23","slug":"feldpostbrief-15-9-1943-im-osten-ort-unbekannt","status":"publish","type":"page","link":"https:\/\/www.markus-steinacher.at\/feldpost\/feldpostbriefe\/feldpostbrief-15-9-1943-im-osten-ort-unbekannt\/","title":{"rendered":"Feldpostbrief vom 15.9.1943 &#8211; Im Osten &#8211; Ort unbekannt"},"content":{"rendered":"\t\t<div data-elementor-type=\"wp-page\" data-elementor-id=\"249\" class=\"elementor elementor-249\">\n\t\t\t\t\t\t<section class=\"elementor-section elementor-top-section elementor-element elementor-element-88d8f24 elementor-section-boxed elementor-section-height-default elementor-section-height-default\" data-id=\"88d8f24\" data-element_type=\"section\" data-e-type=\"section\">\n\t\t\t\t\t\t<div class=\"elementor-container elementor-column-gap-default\">\n\t\t\t\t\t<div class=\"elementor-column elementor-col-100 elementor-top-column elementor-element elementor-element-375db30\" data-id=\"375db30\" data-element_type=\"column\" data-e-type=\"column\">\n\t\t\t<div class=\"elementor-widget-wrap elementor-element-populated\">\n\t\t\t\t\t\t<div class=\"elementor-element elementor-element-cc61ee9 elementor-widget elementor-widget-text-editor\" data-id=\"cc61ee9\" data-element_type=\"widget\" data-e-type=\"widget\" data-widget_type=\"text-editor.default\">\n\t\t\t\t<div class=\"elementor-widget-container\">\n\t\t\t\t\t\t\t\t\t<p>Liebe Mutter und liebe Lisl!<\/p><p>Ich bin noch immer auf der Sammelstelle, wahrscheinlich aber nur noch wenige Tage. Am vergangenen Sonntag wurde der Splitter entfernt. Blo\u00df mit \u00f6rtlicher Bet\u00e4ubung und ich konnte zuschauen dabei. Hat fast eine halbe Stunde gedauert, da das Eisenst\u00fcck schon verwachsen und schon schwer zu finden war. Nun ist das gottlob vorbei und heilt die Wunde rasch. Nur die Einschussstelle eitert noch. Da die Front r\u00fcckverlegt wird, werden auch hier die Sammelstellen und Lazarette ger\u00e4umt. So m\u00fcssten die Patienten sehr rasch heraus. Wir sind auf unserem Zimmer nur noch ein paar Mann. Von hier geht alles \u00fcber die Leitstelle wieder zur Front. Bin schon neugierig, wo ich meine Kompanie wieder finden werde. Wenn nur mal die schweren K\u00e4mpfe nachlassen, dann kann ich vielleicht auf einen Urlaub rechnen. Doch vorl\u00e4ufig wird wohl kaum zu denken sein. Ich freue mich aber doch schon u8ngemein auf ein Wiedersehen. Es ist ja schon seit dem letzten schon fast ein Jahr und hat sich inzwischen ja so viel ereignet. Auch sehe ich mich schon riesig nach ein paar ruhigen sch\u00f6nen Tagen, die ich immer bei euch im Stangental gefunden habe. Vielleicht ist es wirklich bald, dass ich komme, aber es kann auch noch lange dauern. Jedenfalls bleibt mir halt gesund und wohlbehalten. Ich denke immer viel an euch und die Heimat. Recht freue ich mich auch schon auf die n\u00e4chste Post. Habe ja \u00fcber 6 Wochen keine mehr bekommen, da alles zur Kompanie gelangt. Schreibt mir halt auch mal wieder und denkt ein bisschen an mich. Ich schreibe euch auch bald wieder und gr\u00fc\u00dfe euch recht herzlich und innig, liebe Mutter und Lisl, euer dankbarer Toni<\/p>\t\t\t\t\t\t\t\t<\/div>\n\t\t\t\t<\/div>\n\t\t\t\t\t<\/div>\n\t\t<\/div>\n\t\t\t\t\t<\/div>\n\t\t<\/section>\n\t\t\t\t<section class=\"elementor-section elementor-top-section elementor-element elementor-element-2f3493c elementor-section-boxed elementor-section-height-default elementor-section-height-default\" data-id=\"2f3493c\" data-element_type=\"section\" data-e-type=\"section\">\n\t\t\t\t\t\t<div class=\"elementor-container elementor-column-gap-default\">\n\t\t\t\t\t<div class=\"elementor-column elementor-col-100 elementor-top-column elementor-element elementor-element-2b636ac\" data-id=\"2b636ac\" data-element_type=\"column\" data-e-type=\"column\">\n\t\t\t<div class=\"elementor-widget-wrap elementor-element-populated\">\n\t\t\t\t\t\t<div class=\"elementor-element elementor-element-db6bf92 elementor-widget elementor-widget-heading\" data-id=\"db6bf92\" data-element_type=\"widget\" data-e-type=\"widget\" data-widget_type=\"heading.default\">\n\t\t\t\t<div class=\"elementor-widget-container\">\n\t\t\t\t\t<h2 class=\"elementor-heading-title elementor-size-default\">Der originale Feldpostbrief<\/h2>\t\t\t\t<\/div>\n\t\t\t\t<\/div>\n\t\t\t\t\t<\/div>\n\t\t<\/div>\n\t\t\t\t\t<\/div>\n\t\t<\/section>\n\t\t\t\t<section class=\"elementor-section elementor-top-section elementor-element elementor-element-c3c434e elementor-section-boxed elementor-section-height-default elementor-section-height-default\" data-id=\"c3c434e\" data-element_type=\"section\" data-e-type=\"section\">\n\t\t\t\t\t\t<div class=\"elementor-container elementor-column-gap-default\">\n\t\t\t\t\t<div class=\"elementor-column elementor-col-100 elementor-top-column elementor-element elementor-element-cb3cdcf\" data-id=\"cb3cdcf\" data-element_type=\"column\" data-e-type=\"column\">\n\t\t\t<div class=\"elementor-widget-wrap elementor-element-populated\">\n\t\t\t\t\t\t<section class=\"elementor-section elementor-inner-section elementor-element elementor-element-f6fd827 elementor-section-boxed elementor-section-height-default elementor-section-height-default\" data-id=\"f6fd827\" data-element_type=\"section\" data-e-type=\"section\">\n\t\t\t\t\t\t<div class=\"elementor-container elementor-column-gap-default\">\n\t\t\t\t\t<div class=\"elementor-column elementor-col-50 elementor-inner-column elementor-element elementor-element-a90ebd2\" data-id=\"a90ebd2\" data-element_type=\"column\" data-e-type=\"column\">\n\t\t\t<div class=\"elementor-widget-wrap elementor-element-populated\">\n\t\t\t\t\t\t<div class=\"elementor-element elementor-element-65a2a1f elementor-widget elementor-widget-image\" data-id=\"65a2a1f\" data-element_type=\"widget\" data-e-type=\"widget\" data-widget_type=\"image.default\">\n\t\t\t\t<div class=\"elementor-widget-container\">\n\t\t\t\t\t\t\t\t\t\t\t\t<figure class=\"wp-caption\">\n\t\t\t\t\t\t\t\t\t\t\t<a href=\"https:\/\/www.markus-steinacher.at\/feldpost\/wp-content\/uploads\/2022\/03\/Feldpostbrief-15091943-Anton-Steinacher-Feldpostnummer-39359c.jpg\" data-elementor-open-lightbox=\"yes\" data-elementor-lightbox-title=\"Feldpostbrief 15091943 Anton Steinacher Feldpostnummer 39359c\" data-e-action-hash=\"#elementor-action%3Aaction%3Dlightbox%26settings%3DeyJpZCI6MTAyNywidXJsIjoiaHR0cHM6XC9cL3d3dy5tYXJrdXMtc3RlaW5hY2hlci5hdFwvZmVsZHBvc3RcL3dwLWNvbnRlbnRcL3VwbG9hZHNcLzIwMjJcLzAzXC9GZWxkcG9zdGJyaWVmLTE1MDkxOTQzLUFudG9uLVN0ZWluYWNoZXItRmVsZHBvc3RudW1tZXItMzkzNTljLmpwZyJ9\">\n\t\t\t\t\t\t\t<img fetchpriority=\"high\" decoding=\"async\" width=\"1200\" height=\"630\" src=\"https:\/\/www.markus-steinacher.at\/feldpost\/wp-content\/uploads\/2022\/03\/Feldpostbrief-15091943-Anton-Steinacher-Feldpostnummer-39359c.jpg\" class=\"attachment-full size-full wp-image-1027\" alt=\"Feldpostbrief 15091943 Anton Steinacher Feldpostnummer 39359c\" srcset=\"https:\/\/www.markus-steinacher.at\/feldpost\/wp-content\/uploads\/2022\/03\/Feldpostbrief-15091943-Anton-Steinacher-Feldpostnummer-39359c.jpg 1200w, https:\/\/www.markus-steinacher.at\/feldpost\/wp-content\/uploads\/2022\/03\/Feldpostbrief-15091943-Anton-Steinacher-Feldpostnummer-39359c-300x158.jpg 300w, https:\/\/www.markus-steinacher.at\/feldpost\/wp-content\/uploads\/2022\/03\/Feldpostbrief-15091943-Anton-Steinacher-Feldpostnummer-39359c-1024x538.jpg 1024w, https:\/\/www.markus-steinacher.at\/feldpost\/wp-content\/uploads\/2022\/03\/Feldpostbrief-15091943-Anton-Steinacher-Feldpostnummer-39359c-768x403.jpg 768w, https:\/\/www.markus-steinacher.at\/feldpost\/wp-content\/uploads\/2022\/03\/Feldpostbrief-15091943-Anton-Steinacher-Feldpostnummer-39359c-920x483.jpg 920w, https:\/\/www.markus-steinacher.at\/feldpost\/wp-content\/uploads\/2022\/03\/Feldpostbrief-15091943-Anton-Steinacher-Feldpostnummer-39359c-230x121.jpg 230w, https:\/\/www.markus-steinacher.at\/feldpost\/wp-content\/uploads\/2022\/03\/Feldpostbrief-15091943-Anton-Steinacher-Feldpostnummer-39359c-350x184.jpg 350w, https:\/\/www.markus-steinacher.at\/feldpost\/wp-content\/uploads\/2022\/03\/Feldpostbrief-15091943-Anton-Steinacher-Feldpostnummer-39359c-480x252.jpg 480w\" sizes=\"(max-width: 1200px) 100vw, 1200px\" \/>\t\t\t\t\t\t\t\t<\/a>\n\t\t\t\t\t\t\t\t\t\t\t<figcaption class=\"widget-image-caption wp-caption-text\">Fotografie des originalen Feldpostbriefes von Anton Steinacher vom 15.9.1943 - Feldpostnummer 39359c<\/figcaption>\n\t\t\t\t\t\t\t\t\t\t<\/figure>\n\t\t\t\t\t\t\t\t\t<\/div>\n\t\t\t\t<\/div>\n\t\t\t\t\t<\/div>\n\t\t<\/div>\n\t\t\t\t<div class=\"elementor-column elementor-col-50 elementor-inner-column elementor-element elementor-element-49067c3\" data-id=\"49067c3\" data-element_type=\"column\" data-e-type=\"column\">\n\t\t\t<div class=\"elementor-widget-wrap elementor-element-populated\">\n\t\t\t\t\t\t<div class=\"elementor-element elementor-element-0d01b6c elementor-widget elementor-widget-image\" data-id=\"0d01b6c\" data-element_type=\"widget\" data-e-type=\"widget\" data-widget_type=\"image.default\">\n\t\t\t\t<div class=\"elementor-widget-container\">\n\t\t\t\t\t\t\t\t\t\t\t\t<figure class=\"wp-caption\">\n\t\t\t\t\t\t\t\t\t\t\t<a href=\"https:\/\/www.markus-steinacher.at\/feldpost\/wp-content\/uploads\/2022\/03\/Feldpostbrief-15091943-Anton-Steinacher-Feldpostnummer-39359c-Absender.jpg\" data-elementor-open-lightbox=\"yes\" data-elementor-lightbox-title=\"Feldpostbrief 15091943 Anton Steinacher Feldpostnummer 39359c Absender\" data-e-action-hash=\"#elementor-action%3Aaction%3Dlightbox%26settings%3DeyJpZCI6MTAyOCwidXJsIjoiaHR0cHM6XC9cL3d3dy5tYXJrdXMtc3RlaW5hY2hlci5hdFwvZmVsZHBvc3RcL3dwLWNvbnRlbnRcL3VwbG9hZHNcLzIwMjJcLzAzXC9GZWxkcG9zdGJyaWVmLTE1MDkxOTQzLUFudG9uLVN0ZWluYWNoZXItRmVsZHBvc3RudW1tZXItMzkzNTljLUFic2VuZGVyLmpwZyJ9\">\n\t\t\t\t\t\t\t<img decoding=\"async\" width=\"1200\" height=\"630\" src=\"https:\/\/www.markus-steinacher.at\/feldpost\/wp-content\/uploads\/2022\/03\/Feldpostbrief-15091943-Anton-Steinacher-Feldpostnummer-39359c-Absender.jpg\" class=\"attachment-full size-full wp-image-1028\" alt=\"Feldpostbrief 15091943 Anton Steinacher Feldpostnummer 39359c\" srcset=\"https:\/\/www.markus-steinacher.at\/feldpost\/wp-content\/uploads\/2022\/03\/Feldpostbrief-15091943-Anton-Steinacher-Feldpostnummer-39359c-Absender.jpg 1200w, https:\/\/www.markus-steinacher.at\/feldpost\/wp-content\/uploads\/2022\/03\/Feldpostbrief-15091943-Anton-Steinacher-Feldpostnummer-39359c-Absender-300x158.jpg 300w, https:\/\/www.markus-steinacher.at\/feldpost\/wp-content\/uploads\/2022\/03\/Feldpostbrief-15091943-Anton-Steinacher-Feldpostnummer-39359c-Absender-1024x538.jpg 1024w, https:\/\/www.markus-steinacher.at\/feldpost\/wp-content\/uploads\/2022\/03\/Feldpostbrief-15091943-Anton-Steinacher-Feldpostnummer-39359c-Absender-768x403.jpg 768w, https:\/\/www.markus-steinacher.at\/feldpost\/wp-content\/uploads\/2022\/03\/Feldpostbrief-15091943-Anton-Steinacher-Feldpostnummer-39359c-Absender-920x483.jpg 920w, https:\/\/www.markus-steinacher.at\/feldpost\/wp-content\/uploads\/2022\/03\/Feldpostbrief-15091943-Anton-Steinacher-Feldpostnummer-39359c-Absender-230x121.jpg 230w, https:\/\/www.markus-steinacher.at\/feldpost\/wp-content\/uploads\/2022\/03\/Feldpostbrief-15091943-Anton-Steinacher-Feldpostnummer-39359c-Absender-350x184.jpg 350w, https:\/\/www.markus-steinacher.at\/feldpost\/wp-content\/uploads\/2022\/03\/Feldpostbrief-15091943-Anton-Steinacher-Feldpostnummer-39359c-Absender-480x252.jpg 480w\" sizes=\"(max-width: 1200px) 100vw, 1200px\" \/>\t\t\t\t\t\t\t\t<\/a>\n\t\t\t\t\t\t\t\t\t\t\t<figcaption class=\"widget-image-caption wp-caption-text\">Fotografie des originalen Feldpostbriefes (Absender) von Anton Steinacher vom 15.9.1943 - Feldpostnummer 39359c<\/figcaption>\n\t\t\t\t\t\t\t\t\t\t<\/figure>\n\t\t\t\t\t\t\t\t\t<\/div>\n\t\t\t\t<\/div>\n\t\t\t\t\t<\/div>\n\t\t<\/div>\n\t\t\t\t\t<\/div>\n\t\t<\/section>\n\t\t\t\t\t<\/div>\n\t\t<\/div>\n\t\t\t\t\t<\/div>\n\t\t<\/section>\n\t\t\t\t<section class=\"elementor-section elementor-top-section elementor-element elementor-element-2a460da elementor-section-boxed elementor-section-height-default elementor-section-height-default\" data-id=\"2a460da\" data-element_type=\"section\" data-e-type=\"section\">\n\t\t\t\t\t\t<div class=\"elementor-container elementor-column-gap-default\">\n\t\t\t\t\t<div class=\"elementor-column elementor-col-100 elementor-top-column elementor-element elementor-element-217432d\" data-id=\"217432d\" data-element_type=\"column\" data-e-type=\"column\">\n\t\t\t<div class=\"elementor-widget-wrap elementor-element-populated\">\n\t\t\t\t\t\t<div class=\"elementor-element elementor-element-62d9f3d elementor-widget elementor-widget-heading\" data-id=\"62d9f3d\" data-element_type=\"widget\" data-e-type=\"widget\" data-widget_type=\"heading.default\">\n\t\t\t\t<div class=\"elementor-widget-container\">\n\t\t\t\t\t<h3 class=\"elementor-heading-title elementor-size-default\">Informationen zu diesem Feldpostbrief<\/h3>\t\t\t\t<\/div>\n\t\t\t\t<\/div>\n\t\t\t\t\t<\/div>\n\t\t<\/div>\n\t\t\t\t\t<\/div>\n\t\t<\/section>\n\t\t\t\t<section class=\"elementor-section elementor-top-section elementor-element elementor-element-48918a5 elementor-section-boxed elementor-section-height-default elementor-section-height-default\" data-id=\"48918a5\" data-element_type=\"section\" data-e-type=\"section\">\n\t\t\t\t\t\t<div class=\"elementor-container elementor-column-gap-default\">\n\t\t\t\t\t<div class=\"elementor-column elementor-col-100 elementor-top-column elementor-element elementor-element-a03f490\" data-id=\"a03f490\" data-element_type=\"column\" data-e-type=\"column\">\n\t\t\t<div class=\"elementor-widget-wrap elementor-element-populated\">\n\t\t\t\t\t\t<div class=\"elementor-element elementor-element-e537484 elementor-widget elementor-widget-text-editor\" data-id=\"e537484\" data-element_type=\"widget\" data-e-type=\"widget\" data-widget_type=\"text-editor.default\">\n\t\t\t\t<div class=\"elementor-widget-container\">\n\t\t\t\t\t\t\t\t\t<h4>20 Tage verwundet<\/h4><p>Aus diesem Feldpostbrief geht hervor, dass Anton Steinacher 20 Tage lang (von 23.8. &#8211; 12.9.1943) ohne medizinische Behandlung durch einen Metallsplitter unter der Schulter verwundet war. Die Wunde hat bereits zu eitern begonnen und das Metallst\u00fcck war schon teilweise mit der Wunde verwachsen. Notgedrungen wurde er mit lokaler Bet\u00e4ubung in der Sammelstelle (nicht im Lazarett) operiert. An dieser Situation sieht man, wie \u00fcberfordert und unterbesetzt die deutsche Wehrmacht zu dieser Zeit bereits war.<\/p><p>Am Tag des Briefes (15.9.1943) hat Adolf Hitler den R\u00fcckzug der Heeresgruppen Mitte und S\u00fcd an der Ostfront in die <a title=\"Panther-Stellung bzw. Ostwall\" href=\"https:\/\/de.wikipedia.org\/wiki\/Panther-Stellung\"  target='_blank' rel='noopener noreferrer' rel=\"noopener\">Panther-Stellung bzw. Ostwall<\/a> genehmigt.<\/p>\t\t\t\t\t\t\t\t<\/div>\n\t\t\t\t<\/div>\n\t\t\t\t\t<\/div>\n\t\t<\/div>\n\t\t\t\t\t<\/div>\n\t\t<\/section>\n\t\t\t\t<section class=\"elementor-section elementor-top-section elementor-element elementor-element-62041e5 elementor-section-boxed elementor-section-height-default elementor-section-height-default\" data-id=\"62041e5\" data-element_type=\"section\" data-e-type=\"section\">\n\t\t\t\t\t\t<div class=\"elementor-container elementor-column-gap-default\">\n\t\t\t\t\t<div class=\"elementor-column elementor-col-100 elementor-top-column elementor-element elementor-element-b80ccfc\" data-id=\"b80ccfc\" data-element_type=\"column\" data-e-type=\"column\">\n\t\t\t<div class=\"elementor-widget-wrap elementor-element-populated\">\n\t\t\t\t\t\t<div class=\"elementor-element elementor-element-12f4dfb elementor-widget elementor-widget-heading\" data-id=\"12f4dfb\" data-element_type=\"widget\" data-e-type=\"widget\" data-widget_type=\"heading.default\">\n\t\t\t\t<div class=\"elementor-widget-container\">\n\t\t\t\t\t<h4 class=\"elementor-heading-title elementor-size-default\">Feldpostnummer 39.359 c - <a title=\"Grenadier-Regiment 466\" href=\"https:\/\/www.balsi.de\/Weltkrieg\/Einheiten\/Heer\/Infanterie\/Infanterie-Grenadier-Regimenter\/466-IR-GR.htm\">Infanterie- bzw. Grenadier-Regiment 466 III. Bataillon 10. Kompanie<\/a> <\/h4>\t\t\t\t<\/div>\n\t\t\t\t<\/div>\n\t\t\t\t<div class=\"elementor-element elementor-element-8f28f6d elementor-widget elementor-widget-text-editor\" data-id=\"8f28f6d\" data-element_type=\"widget\" data-e-type=\"widget\" data-widget_type=\"text-editor.default\">\n\t\t\t\t<div class=\"elementor-widget-container\">\n\t\t\t\t\t\t\t\t\t<p>Informationen \u00fcber die <a title=\"Feldpostnummer 39359c\" href=\"https:\/\/www.axishistory.com\/books\/383-germany-military-other\/feldpost\/8964-feldpost-numbers-39000-39999\"  target='_blank' rel='noopener noreferrer' rel=\"noopener\">Feldpostnummer 39.359 c<\/a> zufolge sind folgende Daten zu finden:<\/p><p><strong>39359<\/strong><\/p><ul><li><strong>Mobilmachung &#8211; 1.1.1940:<\/strong>\u00a0 Stab III Infanterie-Regiment 466<\/li><li><strong>28.4.1940-19.9.1940:<\/strong> Stab III u. 9.-12. Kompanie<\/li><li><strong>8.9.1943-22.4.1944:<\/strong> Infanterie-Regiment 466<\/li><li><strong>3.1.1944:<\/strong> Stab III u. 9.-12. Kompanie<\/li><li><strong>23.4.1944-24.11.1944: <\/strong>Grenadier-Regiment 466<strong><br \/><\/strong><\/li><li><strong>24.6.1944:<\/strong> gestrichen<\/li><\/ul><p>Aus diesem Feldpostbrief vom 15.9.1943 geht hervor, dass sich die Kompanie, der Anton Steinacher angeh\u00f6rte, sich ab nun, dem 8.9.1943, im Infanterie- bzw. Grenadier-Regiment 466 befunden hat.<\/p>\t\t\t\t\t\t\t\t<\/div>\n\t\t\t\t<\/div>\n\t\t\t\t<section class=\"elementor-section elementor-inner-section elementor-element elementor-element-790f4a5 elementor-section-boxed elementor-section-height-default elementor-section-height-default\" data-id=\"790f4a5\" data-element_type=\"section\" data-e-type=\"section\">\n\t\t\t\t\t\t<div class=\"elementor-container elementor-column-gap-default\">\n\t\t\t\t\t<div class=\"elementor-column elementor-col-50 elementor-inner-column elementor-element elementor-element-d580113\" data-id=\"d580113\" data-element_type=\"column\" data-e-type=\"column\">\n\t\t\t<div class=\"elementor-widget-wrap elementor-element-populated\">\n\t\t\t\t\t\t<div class=\"elementor-element elementor-element-8034cb9 elementor-widget elementor-widget-text-editor\" data-id=\"8034cb9\" data-element_type=\"widget\" data-e-type=\"widget\" data-widget_type=\"text-editor.default\">\n\t\t\t\t<div class=\"elementor-widget-container\">\n\t\t\t\t\t\t\t\t\t<p>Die Nachforschungen im Bezug auf die Feldpostnummer 39.359 C gestalten sich nicht eindeutig und m\u00fchsam, da diese umbenannt und gestrichen worden ist. Diese Feldpostnummer d\u00fcrfte sich aus der urspr\u00fcnglichen Feldpostnummer 38248 heraus ergeben haben und ist dem <a title=\"Grenadier-Regiment 466\" href=\"https:\/\/www.balsi.de\/Weltkrieg\/Einheiten\/Heer\/Infanterie\/Infanterie-Grenadier-Regimenter\/466-IR-GR.htm\">Infanterie- bzw. Grenadier-Regiment 466 III. Bataillon 10. Kompanie<\/a> zugewiesen. Dass es sich bei 39.359 C um die 10. Kompanie handelt, ist durch die <a title=\"FPN-Info\" href=\"https:\/\/www.orden-urkunden-ankauf.de\/FPN-info?daten=39359\"  target='_blank' rel='noopener noreferrer' rel=\"noopener\">FPN-Info<\/a> m\u00f6glich. Ob und inwiefern dies mit der Kraftwagen-Transport-Abteilung 991 zusammen geh\u00f6rte, ist nicht bekannt.<\/p>\t\t\t\t\t\t\t\t<\/div>\n\t\t\t\t<\/div>\n\t\t\t\t\t<\/div>\n\t\t<\/div>\n\t\t\t\t<div class=\"elementor-column elementor-col-50 elementor-inner-column elementor-element elementor-element-0c03e16\" data-id=\"0c03e16\" data-element_type=\"column\" data-e-type=\"column\">\n\t\t\t<div class=\"elementor-widget-wrap elementor-element-populated\">\n\t\t\t\t\t\t<div class=\"elementor-element elementor-element-c2e7660 elementor-widget elementor-widget-image\" data-id=\"c2e7660\" data-element_type=\"widget\" data-e-type=\"widget\" data-widget_type=\"image.default\">\n\t\t\t\t<div class=\"elementor-widget-container\">\n\t\t\t\t\t\t\t\t\t\t\t\t<figure class=\"wp-caption\">\n\t\t\t\t\t\t\t\t\t\t\t<a href=\"https:\/\/www.orden-urkunden-ankauf.de\/FPN-info?daten=39359\"  target='_blank' rel='noopener noreferrer' >\n\t\t\t\t\t\t\t<img decoding=\"async\" width=\"412\" height=\"333\" src=\"https:\/\/www.markus-steinacher.at\/feldpost\/wp-content\/uploads\/2022\/03\/Feldpostnummer-39359-C.jpg\" class=\"attachment-full size-full wp-image-946\" alt=\"feldpostnummer 39359 C\" srcset=\"https:\/\/www.markus-steinacher.at\/feldpost\/wp-content\/uploads\/2022\/03\/Feldpostnummer-39359-C.jpg 412w, https:\/\/www.markus-steinacher.at\/feldpost\/wp-content\/uploads\/2022\/03\/Feldpostnummer-39359-C-300x242.jpg 300w, https:\/\/www.markus-steinacher.at\/feldpost\/wp-content\/uploads\/2022\/03\/Feldpostnummer-39359-C-230x186.jpg 230w, https:\/\/www.markus-steinacher.at\/feldpost\/wp-content\/uploads\/2022\/03\/Feldpostnummer-39359-C-350x283.jpg 350w\" sizes=\"(max-width: 412px) 100vw, 412px\" \/>\t\t\t\t\t\t\t\t<\/a>\n\t\t\t\t\t\t\t\t\t\t\t<figcaption class=\"widget-image-caption wp-caption-text\">Feldpostnummer 39.359 C<\/figcaption>\n\t\t\t\t\t\t\t\t\t\t<\/figure>\n\t\t\t\t\t\t\t\t\t<\/div>\n\t\t\t\t<\/div>\n\t\t\t\t\t<\/div>\n\t\t<\/div>\n\t\t\t\t\t<\/div>\n\t\t<\/section>\n\t\t\t\t\t<\/div>\n\t\t<\/div>\n\t\t\t\t\t<\/div>\n\t\t<\/section>\n\t\t\t\t<\/div>\n\t\t","protected":false},"excerpt":{"rendered":"<p>Liebe Mutter und liebe Lisl! Ich bin noch immer auf der Sammelstelle, wahrscheinlich aber nur noch wenige Tage. Am vergangenen Sonntag wurde [&hellip;]<\/p>\n","protected":false},"author":1,"featured_media":0,"parent":75,"menu_order":0,"comment_status":"closed","ping_status":"closed","template":"","meta":{"_acf_changed":false,"footnotes":""},"class_list":["post-249","page","type-page","status-publish","hentry"],"aioseo_notices":[],"acf":[],"_links":{"self":[{"href":"https:\/\/www.markus-steinacher.at\/feldpost\/wp-json\/wp\/v2\/pages\/249","targetHints":{"allow":["GET"]}}],"collection":[{"href":"https:\/\/www.markus-steinacher.at\/feldpost\/wp-json\/wp\/v2\/pages"}],"about":[{"href":"https:\/\/www.markus-steinacher.at\/feldpost\/wp-json\/wp\/v2\/types\/page"}],"author":[{"embeddable":true,"href":"https:\/\/www.markus-steinacher.at\/feldpost\/wp-json\/wp\/v2\/users\/1"}],"replies":[{"embeddable":true,"href":"https:\/\/www.markus-steinacher.at\/feldpost\/wp-json\/wp\/v2\/comments?post=249"}],"version-history":[{"count":0,"href":"https:\/\/www.markus-steinacher.at\/feldpost\/wp-json\/wp\/v2\/pages\/249\/revisions"}],"up":[{"embeddable":true,"href":"https:\/\/www.markus-steinacher.at\/feldpost\/wp-json\/wp\/v2\/pages\/75"}],"wp:attachment":[{"href":"https:\/\/www.markus-steinacher.at\/feldpost\/wp-json\/wp\/v2\/media?parent=249"}],"curies":[{"name":"wp","href":"https:\/\/api.w.org\/{rel}","templated":true}]}}