{"id":282,"date":"2020-04-21T10:29:32","date_gmt":"2020-04-21T08:29:32","guid":{"rendered":"https:\/\/www.markus-steinacher.at\/feldpost\/?page_id=282"},"modified":"2022-03-07T23:22:14","modified_gmt":"2022-03-07T22:22:14","slug":"feldpostbrief-1-4-1944-wien","status":"publish","type":"page","link":"https:\/\/www.markus-steinacher.at\/feldpost\/feldpostbriefe\/feldpostbrief-1-4-1944-wien\/","title":{"rendered":"Feldpostbrief vom 1.4.1944 &#8211; Wien"},"content":{"rendered":"\t\t<div data-elementor-type=\"wp-page\" data-elementor-id=\"282\" class=\"elementor elementor-282\">\n\t\t\t\t\t\t<section class=\"elementor-section elementor-top-section elementor-element elementor-element-71fa018 elementor-section-boxed elementor-section-height-default elementor-section-height-default\" data-id=\"71fa018\" data-element_type=\"section\" data-e-type=\"section\">\n\t\t\t\t\t\t<div class=\"elementor-container elementor-column-gap-default\">\n\t\t\t\t\t<div class=\"elementor-column elementor-col-100 elementor-top-column elementor-element elementor-element-981363d\" data-id=\"981363d\" data-element_type=\"column\" data-e-type=\"column\">\n\t\t\t<div class=\"elementor-widget-wrap elementor-element-populated\">\n\t\t\t\t\t\t<div class=\"elementor-element elementor-element-6255b83 elementor-widget elementor-widget-text-editor\" data-id=\"6255b83\" data-element_type=\"widget\" data-e-type=\"widget\" data-widget_type=\"text-editor.default\">\n\t\t\t\t<div class=\"elementor-widget-container\">\n\t\t\t\t\t\t\t\t\t<p>Liebe Mutter und Lisl!<\/p><p>Wie ich euch durch eine Karte kurz mitgeteilt habe bin ich seit vorgestern in Wien. Die Sache war so: Wir waren noch immer im <a title=\"Buczacz in Ostgalizien\" href=\"https:\/\/goo.gl\/maps\/MN64i61zYTF6WhaBA\"  target='_blank' rel='noopener noreferrer' rel=\"noopener\">Kriegslazarett Buczacz in Ostgalizien<\/a> von wo aus ich euch den letzten Brief schrieb. Meine Hand war bereits soweit geheilt, dass die Wunde geschlossen war. Allerdings ist die Sehne am Mittelfinger verk\u00fcrzt und dadurch die Gelenkigkeit arg behindert. Trotzdem w\u00e4re ich aber schon entlassen worden. Nun habe ich aber noch ein paar Furunkeln bekommen, wodurch ich also noch blieb. Wir mussten zwar Wache stehen, hatten aber ansonsten ein sch\u00f6nes Leben.<\/p><p>Gegen M\u00e4rz ist der Russe in <a title=\"Tarnopol\" href=\"https:\/\/de.wikipedia.org\/wiki\/Ternopil\"  target='_blank' rel='noopener noreferrer' rel=\"noopener\">Tarnopol<\/a> eingebrochen und die Front r\u00fcckte dann immer n\u00e4her. Am 24. M\u00e4rz mussten wir nun rasch mit unserem Lazarett verschwinden, sonst h\u00e4tten uns die Sowjets kassiert. Wir fuhren \u00fcber <a title=\"Stanislau bzw. Iwano-Frankiwsk\" href=\"https:\/\/de.wikipedia.org\/wiki\/Iwano-Frankiwsk\"  target='_blank' rel='noopener noreferrer' rel=\"noopener\">Stanislau<\/a>, das ebenfalls bereits im R\u00e4umen war, durchs ganze <a title=\"Generalgouvernement\" href=\"https:\/\/de.wikipedia.org\/wiki\/Generalgouvernement\"  target='_blank' rel='noopener noreferrer' rel=\"noopener\">Generalgouvernement<\/a> zur\u00fcck. An der Reichsgrenze wurden wir ausgeladen und nach <a title=\"Kattowitz\" href=\"https:\/\/de.wikipedia.org\/wiki\/Katowice\"  target='_blank' rel='noopener noreferrer' rel=\"noopener\">Kattowitz<\/a> \u00fcberwiesen. Weil hier alles \u00fcberf\u00fcllt war, wurde jeder in ein Heimatlazarett verlegt. Also hatte ich wieder einmal riesiges Gl\u00fcck.<\/p><p>Ja, ich war ordentlich \u00fcberrascht, als ich von einem freundlichen Arzt gr\u00fcndlichst untersucht wurde. Beim Kommiss ist man so etwas ja nicht gew\u00f6hnt. Der Arzt stellte eine leichte D\u00e4mpfung der Lunge und Bronchitis fest und mit der Hand verlegt er mich demn\u00e4chst in ein chirurgisches Lazarett, weil eine Streckung vorgenommen werden muss. So bleib ich doch noch kurze Zeit in Wien. Au\u00dferdem konnte ich beim Ers. Truppenteil nun einen Genesungsurlaub einreichen. Hoffentlich habe ich auch damit Gl\u00fcck. Dann komme ich wieder ein paar Tage zu euch. Einige Male in der Woche d\u00fcrfen wir hier vom Lazarett auf ein paar Nachmittagsstunden weggehen. Ich kann allerdings noch nicht hinaus, weil meine Uniform noch bei der Entlausung ist. Bis dahin wird aber meine \u00dcberweisung in die Chirurgie erfolgen. Dort sind aber sicher \u00e4hnliche Bestimmungen, sodass ich \u00f6fter ausgehen kann. Nun ich freue mich schon recht auf ein Wiedersehen. Dienstag, Freitag und Sonntag ist von 14 &#8211; 16 Uhr Besuchszeit. Nun lohnt es sich halt nicht, dass du liebe Mutter oder Lisl, wegen 2 Stunden extra die weite Reise machst. Wollen wir die Verlegung in die Chirurgie abwarten. Ich schreib euch dann sofort. Schreibt mir auch ein paar Zeilen, wie es euch geht und was es Neues gibt. Paket schickt mir aber keines, denn ich hab hier ja alles, was ich brauche. Sollte die Lisl zuf\u00e4llig doch in Wien zu tun haben, kann sie ja in meinem Quartier \u00fcbernachten. Ich war die erste Nacht daheim und hab die Schl\u00fcssel bei mir. Nun ab 18 Uhr ist dann ja auch die Frau Lensky daheim. Aber wenn wirklich die M\u00f6glichkeit besteht, mich zu besuchen, dann bringt mir bitte einen Rasierpinsel und ein paar Klingen mit. Sonst habe ich alles. Nun, wie schon gesagt, extra kommt nicht herein. Von dem chirurgischen Lazarett schreib ich euch gleich und hoffe, dass ich dort entsprechend heraus darf. F\u00fcr heute send ich euch halt vorl\u00e4ufig recht herzliche Gr\u00fc\u00dfe und bis auf ein baldiges Wiedersehen, wie immer, euer dankbarer Toni<\/p>\t\t\t\t\t\t\t\t<\/div>\n\t\t\t\t<\/div>\n\t\t\t\t\t<\/div>\n\t\t<\/div>\n\t\t\t\t\t<\/div>\n\t\t<\/section>\n\t\t\t\t<section class=\"elementor-section elementor-top-section elementor-element elementor-element-71aae95 elementor-section-boxed elementor-section-height-default elementor-section-height-default\" data-id=\"71aae95\" data-element_type=\"section\" data-e-type=\"section\">\n\t\t\t\t\t\t<div class=\"elementor-container elementor-column-gap-default\">\n\t\t\t\t\t<div class=\"elementor-column elementor-col-100 elementor-top-column elementor-element elementor-element-3574db3\" data-id=\"3574db3\" data-element_type=\"column\" data-e-type=\"column\">\n\t\t\t<div class=\"elementor-widget-wrap elementor-element-populated\">\n\t\t\t\t\t\t<div class=\"elementor-element elementor-element-7826bbc elementor-widget elementor-widget-heading\" data-id=\"7826bbc\" data-element_type=\"widget\" data-e-type=\"widget\" data-widget_type=\"heading.default\">\n\t\t\t\t<div class=\"elementor-widget-container\">\n\t\t\t\t\t<h2 class=\"elementor-heading-title elementor-size-default\">Der originale Feldpostbrief<\/h2>\t\t\t\t<\/div>\n\t\t\t\t<\/div>\n\t\t\t\t\t<\/div>\n\t\t<\/div>\n\t\t\t\t\t<\/div>\n\t\t<\/section>\n\t\t\t\t<section class=\"elementor-section elementor-top-section elementor-element elementor-element-83b7966 elementor-section-boxed elementor-section-height-default elementor-section-height-default\" data-id=\"83b7966\" data-element_type=\"section\" data-e-type=\"section\">\n\t\t\t\t\t\t<div class=\"elementor-container elementor-column-gap-default\">\n\t\t\t\t\t<div class=\"elementor-column elementor-col-100 elementor-top-column elementor-element elementor-element-7c9396c\" data-id=\"7c9396c\" data-element_type=\"column\" data-e-type=\"column\">\n\t\t\t<div class=\"elementor-widget-wrap elementor-element-populated\">\n\t\t\t\t\t\t<section class=\"elementor-section elementor-inner-section elementor-element elementor-element-a83c0fc elementor-section-boxed elementor-section-height-default elementor-section-height-default\" data-id=\"a83c0fc\" data-element_type=\"section\" data-e-type=\"section\">\n\t\t\t\t\t\t<div class=\"elementor-container elementor-column-gap-default\">\n\t\t\t\t\t<div class=\"elementor-column elementor-col-50 elementor-inner-column elementor-element elementor-element-964f577\" data-id=\"964f577\" data-element_type=\"column\" data-e-type=\"column\">\n\t\t\t<div class=\"elementor-widget-wrap elementor-element-populated\">\n\t\t\t\t\t\t<div class=\"elementor-element elementor-element-cf1d9d6 elementor-widget elementor-widget-image\" data-id=\"cf1d9d6\" data-element_type=\"widget\" data-e-type=\"widget\" data-widget_type=\"image.default\">\n\t\t\t\t<div class=\"elementor-widget-container\">\n\t\t\t\t\t\t\t\t\t\t\t\t<figure class=\"wp-caption\">\n\t\t\t\t\t\t\t\t\t\t\t<a href=\"https:\/\/www.markus-steinacher.at\/feldpost\/wp-content\/uploads\/2022\/03\/Feldpostbrief-Anton-Steinacher-01041944.jpg\" data-elementor-open-lightbox=\"yes\" data-elementor-lightbox-title=\"Feldpostbrief Anton Steinacher vom 01.04.1944\" data-e-action-hash=\"#elementor-action%3Aaction%3Dlightbox%26settings%3DeyJpZCI6MTE4MiwidXJsIjoiaHR0cHM6XC9cL3d3dy5tYXJrdXMtc3RlaW5hY2hlci5hdFwvZmVsZHBvc3RcL3dwLWNvbnRlbnRcL3VwbG9hZHNcLzIwMjJcLzAzXC9GZWxkcG9zdGJyaWVmLUFudG9uLVN0ZWluYWNoZXItMDEwNDE5NDQuanBnIn0%3D\">\n\t\t\t\t\t\t\t<img fetchpriority=\"high\" decoding=\"async\" width=\"1200\" height=\"630\" src=\"https:\/\/www.markus-steinacher.at\/feldpost\/wp-content\/uploads\/2022\/03\/Feldpostbrief-Anton-Steinacher-01041944.jpg\" class=\"attachment-full size-full wp-image-1182\" alt=\"Feldpostbrief Anton Steinacher Wien\" srcset=\"https:\/\/www.markus-steinacher.at\/feldpost\/wp-content\/uploads\/2022\/03\/Feldpostbrief-Anton-Steinacher-01041944.jpg 1200w, https:\/\/www.markus-steinacher.at\/feldpost\/wp-content\/uploads\/2022\/03\/Feldpostbrief-Anton-Steinacher-01041944-300x158.jpg 300w, https:\/\/www.markus-steinacher.at\/feldpost\/wp-content\/uploads\/2022\/03\/Feldpostbrief-Anton-Steinacher-01041944-1024x538.jpg 1024w, https:\/\/www.markus-steinacher.at\/feldpost\/wp-content\/uploads\/2022\/03\/Feldpostbrief-Anton-Steinacher-01041944-768x403.jpg 768w, https:\/\/www.markus-steinacher.at\/feldpost\/wp-content\/uploads\/2022\/03\/Feldpostbrief-Anton-Steinacher-01041944-920x483.jpg 920w, https:\/\/www.markus-steinacher.at\/feldpost\/wp-content\/uploads\/2022\/03\/Feldpostbrief-Anton-Steinacher-01041944-230x121.jpg 230w, https:\/\/www.markus-steinacher.at\/feldpost\/wp-content\/uploads\/2022\/03\/Feldpostbrief-Anton-Steinacher-01041944-350x184.jpg 350w, https:\/\/www.markus-steinacher.at\/feldpost\/wp-content\/uploads\/2022\/03\/Feldpostbrief-Anton-Steinacher-01041944-480x252.jpg 480w\" sizes=\"(max-width: 1200px) 100vw, 1200px\" \/>\t\t\t\t\t\t\t\t<\/a>\n\t\t\t\t\t\t\t\t\t\t\t<figcaption class=\"widget-image-caption wp-caption-text\">Fotografie des originalen Feldpostbriefes von Anton Steinacher vom 1.4.1944 aus Wien<\/figcaption>\n\t\t\t\t\t\t\t\t\t\t<\/figure>\n\t\t\t\t\t\t\t\t\t<\/div>\n\t\t\t\t<\/div>\n\t\t\t\t\t<\/div>\n\t\t<\/div>\n\t\t\t\t<div class=\"elementor-column elementor-col-50 elementor-inner-column elementor-element elementor-element-7e581ab\" data-id=\"7e581ab\" data-element_type=\"column\" data-e-type=\"column\">\n\t\t\t<div class=\"elementor-widget-wrap elementor-element-populated\">\n\t\t\t\t\t\t<div class=\"elementor-element elementor-element-f4ac8b0 elementor-widget elementor-widget-image\" data-id=\"f4ac8b0\" data-element_type=\"widget\" data-e-type=\"widget\" data-widget_type=\"image.default\">\n\t\t\t\t<div class=\"elementor-widget-container\">\n\t\t\t\t\t\t\t\t\t\t\t\t<figure class=\"wp-caption\">\n\t\t\t\t\t\t\t\t\t\t\t<a href=\"https:\/\/www.markus-steinacher.at\/feldpost\/wp-content\/uploads\/2022\/03\/Feldpostbrief-Anton-Steinacher-01041944-Absender.jpg\" data-elementor-open-lightbox=\"yes\" data-elementor-lightbox-title=\"Feldpostbrief Anton Steinacher vom 01.04.1944 Absender Wien\" data-e-action-hash=\"#elementor-action%3Aaction%3Dlightbox%26settings%3DeyJpZCI6MTE4MSwidXJsIjoiaHR0cHM6XC9cL3d3dy5tYXJrdXMtc3RlaW5hY2hlci5hdFwvZmVsZHBvc3RcL3dwLWNvbnRlbnRcL3VwbG9hZHNcLzIwMjJcLzAzXC9GZWxkcG9zdGJyaWVmLUFudG9uLVN0ZWluYWNoZXItMDEwNDE5NDQtQWJzZW5kZXIuanBnIn0%3D\">\n\t\t\t\t\t\t\t<img decoding=\"async\" width=\"1200\" height=\"630\" src=\"https:\/\/www.markus-steinacher.at\/feldpost\/wp-content\/uploads\/2022\/03\/Feldpostbrief-Anton-Steinacher-01041944-Absender.jpg\" class=\"attachment-full size-full wp-image-1181\" alt=\"Feldpostbrief Wien 1. April 1944\" srcset=\"https:\/\/www.markus-steinacher.at\/feldpost\/wp-content\/uploads\/2022\/03\/Feldpostbrief-Anton-Steinacher-01041944-Absender.jpg 1200w, https:\/\/www.markus-steinacher.at\/feldpost\/wp-content\/uploads\/2022\/03\/Feldpostbrief-Anton-Steinacher-01041944-Absender-300x158.jpg 300w, https:\/\/www.markus-steinacher.at\/feldpost\/wp-content\/uploads\/2022\/03\/Feldpostbrief-Anton-Steinacher-01041944-Absender-1024x538.jpg 1024w, https:\/\/www.markus-steinacher.at\/feldpost\/wp-content\/uploads\/2022\/03\/Feldpostbrief-Anton-Steinacher-01041944-Absender-768x403.jpg 768w, https:\/\/www.markus-steinacher.at\/feldpost\/wp-content\/uploads\/2022\/03\/Feldpostbrief-Anton-Steinacher-01041944-Absender-920x483.jpg 920w, https:\/\/www.markus-steinacher.at\/feldpost\/wp-content\/uploads\/2022\/03\/Feldpostbrief-Anton-Steinacher-01041944-Absender-230x121.jpg 230w, https:\/\/www.markus-steinacher.at\/feldpost\/wp-content\/uploads\/2022\/03\/Feldpostbrief-Anton-Steinacher-01041944-Absender-350x184.jpg 350w, https:\/\/www.markus-steinacher.at\/feldpost\/wp-content\/uploads\/2022\/03\/Feldpostbrief-Anton-Steinacher-01041944-Absender-480x252.jpg 480w\" sizes=\"(max-width: 1200px) 100vw, 1200px\" \/>\t\t\t\t\t\t\t\t<\/a>\n\t\t\t\t\t\t\t\t\t\t\t<figcaption class=\"widget-image-caption wp-caption-text\">Fotografie des originalen Feldpostbriefes von Anton Steinacher vom 1.4.1944 aus Wien<\/figcaption>\n\t\t\t\t\t\t\t\t\t\t<\/figure>\n\t\t\t\t\t\t\t\t\t<\/div>\n\t\t\t\t<\/div>\n\t\t\t\t\t<\/div>\n\t\t<\/div>\n\t\t\t\t\t<\/div>\n\t\t<\/section>\n\t\t\t\t\t<\/div>\n\t\t<\/div>\n\t\t\t\t\t<\/div>\n\t\t<\/section>\n\t\t\t\t<section class=\"elementor-section elementor-top-section elementor-element elementor-element-bdaaa9a elementor-section-boxed elementor-section-height-default elementor-section-height-default\" data-id=\"bdaaa9a\" data-element_type=\"section\" data-e-type=\"section\">\n\t\t\t\t\t\t<div class=\"elementor-container elementor-column-gap-default\">\n\t\t\t\t\t<div class=\"elementor-column elementor-col-100 elementor-top-column elementor-element elementor-element-437eaf2\" data-id=\"437eaf2\" data-element_type=\"column\" data-e-type=\"column\">\n\t\t\t<div class=\"elementor-widget-wrap elementor-element-populated\">\n\t\t\t\t\t\t<div class=\"elementor-element elementor-element-2bcffb3 elementor-widget elementor-widget-heading\" data-id=\"2bcffb3\" data-element_type=\"widget\" data-e-type=\"widget\" data-widget_type=\"heading.default\">\n\t\t\t\t<div class=\"elementor-widget-container\">\n\t\t\t\t\t<h3 class=\"elementor-heading-title elementor-size-default\">Informationen zu diesem Feldpostbrief<\/h3>\t\t\t\t<\/div>\n\t\t\t\t<\/div>\n\t\t\t\t<div class=\"elementor-element elementor-element-7678be6 elementor-widget elementor-widget-text-editor\" data-id=\"7678be6\" data-element_type=\"widget\" data-e-type=\"widget\" data-widget_type=\"text-editor.default\">\n\t\t\t\t<div class=\"elementor-widget-container\">\n\t\t\t\t\t\t\t\t\t<h4>Einsatz im Grenadier-Feldausbildungs-Regiment 257 <span style=\"font-family: TimesNewRoman,Bold;\">Stab III. Bataillon<\/span><\/h4><p>Anton Steinacher wurde bis M\u00e4rz 1944 im <a title=\"Infanterie-Ersatz-Regiment 257\" href=\"https:\/\/www.lexikon-der-wehrmacht.de\/Gliederungen\/InfErsRgt\/InfErsRgt257-R.htm\"  target='_blank' rel='noopener noreferrer' rel=\"noopener\">Infanterie-Ersatz-Regiment 257<\/a> Stab III. Bataillon (<a title=\"Infanterie Ersatz Regiment 466\" href=\"https:\/\/www.lexikon-der-wehrmacht.de\/Gliederungen\/InfErsBat\/InfErsBat466-R.htm\"  target='_blank' rel='noopener noreferrer' rel=\"noopener noreferrer\">466<\/a>) eingesetzt. Die im M\u00e4rz 1944 geplante Umbenennung in Grenadier-(Feldausbildungs-) Regiment 717 wurde nicht durchgef\u00fchrt, da das Regiment aufgel\u00f6st wurde. Anstelle dessen wurde erst im August 1944 das III. Bataillon in das <a title=\"Sturm-Bataillon AOK 17 der 17. Armee\" href=\"https:\/\/www.lexikon-der-wehrmacht.de\/Gliederungen\/Armeen\/17Armee-R.htm\"  target='_blank' rel='noopener noreferrer' rel=\"noopener\">Sturm-Bataillon AOK 17 der 17. Armee<\/a> umgewandelt. <a title=\"Erfahrungsberichte des Grenadier-Feldausbildungsregiments 257\" href=\"https:\/\/wwii.germandocsinrussia.org\/de\/nodes\/14650-delo-107-unterlagen-der-ia-abteilung-des-feldausbildungs-grenadierregiments-257-716-erfahrungsberichte-des-regiments-zur-partisanenbek-mpfung-befehle-des-befehlshabers-krim-an-das-regiment\"  target='_blank' rel='noopener noreferrer' rel=\"noopener\">Erfahrungsberichte des Grenadier-Feldausbildungsregiments 257<\/a> liegen vor.<\/p>\t\t\t\t\t\t\t\t<\/div>\n\t\t\t\t<\/div>\n\t\t\t\t<div class=\"elementor-element elementor-element-b8aaf32 elementor-widget elementor-widget-text-editor\" data-id=\"b8aaf32\" data-element_type=\"widget\" data-e-type=\"widget\" data-widget_type=\"text-editor.default\">\n\t\t\t\t<div class=\"elementor-widget-container\">\n\t\t\t\t\t\t\t\t\t<h4><span style=\"font-family: TimesNewRoman,Bold;\">Reserve-Lazarett XII b in der J\u00e4gerstra\u00dfe 54, 1200 Wien (Schule)<\/span><\/h4><p>Anton Steinacher erreichte am 30. M\u00e4rz 1944 Wien und wurde in das <a title=\"Reserve-Lazarett XII b, J\u00e4gerstra\u00dfe 54, 1200 Wien\" href=\"https:\/\/de.metapedia.org\/wiki\/Lazarette_der_Wehrmacht_und_SS_in_Wien\" target=\"_blank\" rel=\"noopener\">Reserve-Lazarett XII b<\/a> in der J\u00e4gerstra\u00dfe 54, 1200 Wien eingeliefert, wo er nun auf die \u00dcberweisung in die Chirurgie gewartet hat.<\/p><p>Sein Weg vom Lazarett in der Ukraine bis nach Wien wird auf dieser Karte in etwa dargestellt:<\/p>\t\t\t\t\t\t\t\t<\/div>\n\t\t\t\t<\/div>\n\t\t\t\t<div class=\"elementor-element elementor-element-fb3fe89 elementor-widget elementor-widget-html\" data-id=\"fb3fe89\" data-element_type=\"widget\" data-e-type=\"widget\" data-widget_type=\"html.default\">\n\t\t\t\t<div class=\"elementor-widget-container\">\n\t\t\t\t\t<iframe src=\"https:\/\/www.google.com\/maps\/d\/u\/1\/embed?mid=13S4FKrVu5MiIYTD0dFBapIM-Mr8e0KIh&ehbc=2E312F\" width=\"640\" height=\"480\"><\/iframe>\t\t\t\t<\/div>\n\t\t\t\t<\/div>\n\t\t\t\t<div class=\"elementor-element elementor-element-81df0fd elementor-widget elementor-widget-text-editor\" data-id=\"81df0fd\" data-element_type=\"widget\" data-e-type=\"widget\" data-widget_type=\"text-editor.default\">\n\t\t\t\t<div class=\"elementor-widget-container\">\n\t\t\t\t\t\t\t\t\t<h4>Eine Anmerkung zum Briefpapier und Kuvert:<\/h4><p>Das Briefpapier und Kuvert stammt von der <a title=\"Guardia alla Frontiera\" href=\"https:\/\/en.wikipedia.org\/wiki\/Guardia_alla_Frontiera\"  target='_blank' rel='noopener noreferrer' rel=\"noopener\">Guardia alla Frontiera<\/a>, einer 1937 gegr\u00fcndeten Grenzwache der italienischen Armee, welche die 1.851 km lange norditalienische Grenze mit dem sogenannten <em>&#8222;Vallo Alpino Occidentale&#8220;<\/em> (487 km mit Frankreich), dem <em>&#8222;Vallo Alpino Settentrionale&#8220;<\/em>, (724 km mit der Schweiz und 420 km mit \u00d6sterreich) und dem &#8222;Vallo Alpino Orientale&#8220; (220 km mit Jugoslawien) verteidigte.<\/p>\t\t\t\t\t\t\t\t<\/div>\n\t\t\t\t<\/div>\n\t\t\t\t\t<\/div>\n\t\t<\/div>\n\t\t\t\t\t<\/div>\n\t\t<\/section>\n\t\t\t\t<\/div>\n\t\t","protected":false},"excerpt":{"rendered":"<p>Liebe Mutter und Lisl! Wie ich euch durch eine Karte kurz mitgeteilt habe bin ich seit vorgestern in Wien. Die Sache war [&hellip;]<\/p>\n","protected":false},"author":1,"featured_media":0,"parent":75,"menu_order":0,"comment_status":"closed","ping_status":"closed","template":"","meta":{"_acf_changed":false,"footnotes":""},"class_list":["post-282","page","type-page","status-publish","hentry"],"aioseo_notices":[],"acf":[],"_links":{"self":[{"href":"https:\/\/www.markus-steinacher.at\/feldpost\/wp-json\/wp\/v2\/pages\/282","targetHints":{"allow":["GET"]}}],"collection":[{"href":"https:\/\/www.markus-steinacher.at\/feldpost\/wp-json\/wp\/v2\/pages"}],"about":[{"href":"https:\/\/www.markus-steinacher.at\/feldpost\/wp-json\/wp\/v2\/types\/page"}],"author":[{"embeddable":true,"href":"https:\/\/www.markus-steinacher.at\/feldpost\/wp-json\/wp\/v2\/users\/1"}],"replies":[{"embeddable":true,"href":"https:\/\/www.markus-steinacher.at\/feldpost\/wp-json\/wp\/v2\/comments?post=282"}],"version-history":[{"count":0,"href":"https:\/\/www.markus-steinacher.at\/feldpost\/wp-json\/wp\/v2\/pages\/282\/revisions"}],"up":[{"embeddable":true,"href":"https:\/\/www.markus-steinacher.at\/feldpost\/wp-json\/wp\/v2\/pages\/75"}],"wp:attachment":[{"href":"https:\/\/www.markus-steinacher.at\/feldpost\/wp-json\/wp\/v2\/media?parent=282"}],"curies":[{"name":"wp","href":"https:\/\/api.w.org\/{rel}","templated":true}]}}